CRAN Package Check Results for Package estimatr

Last updated on 2021-05-17 21:49:33 CEST.

Flavor Version Tinstall Tcheck Ttotal Status Flags
r-devel-linux-x86_64-debian-clang 0.30.2 91.30 134.04 225.34 OK
r-devel-linux-x86_64-debian-gcc 0.30.2 68.99 102.78 171.77 OK
r-devel-linux-x86_64-fedora-clang 0.30.2 324.47 NOTE
r-devel-linux-x86_64-fedora-gcc 0.30.2 305.96 OK
r-devel-windows-ix86+x86_64 0.30.2 211.00 248.00 459.00 OK
r-devel-windows-x86_64-gcc10-UCRT 0.30.2 OK
r-patched-linux-x86_64 0.30.2 81.59 130.71 212.30 OK
r-patched-solaris-x86 0.30.2 311.00 OK
r-release-linux-x86_64 0.30.2 76.76 129.53 206.29 OK
r-release-macos-x86_64 0.30.2 NOTE
r-release-windows-ix86+x86_64 0.30.2 146.00 191.00 337.00 OK
r-oldrel-macos-x86_64 0.30.2 NOTE
r-oldrel-windows-ix86+x86_64 0.30.2 137.00 215.00 352.00 OK

Check Details

Version: 0.30.2
Check: installed package size
Result: NOTE
     installed size is 25.0Mb
     sub-directories of 1Mb or more:
     libs 24.6Mb
Flavors: r-devel-linux-x86_64-fedora-clang, r-release-macos-x86_64, r-oldrel-macos-x86_64