Last updated on 2025-01-25 19:48:43 CET.
Flavor | Version | Tinstall | Tcheck | Ttotal | Status | Flags |
---|---|---|---|---|---|---|
r-devel-linux-x86_64-debian-clang | 1.0.0 | 130.08 | 53.87 | 183.95 | NOTE | |
r-devel-linux-x86_64-debian-gcc | 1.0.0 | 94.91 | 39.75 | 134.66 | NOTE | |
r-devel-linux-x86_64-fedora-clang | 1.0.0 | 373.63 | NOTE | |||
r-devel-linux-x86_64-fedora-gcc | 1.0.0 | 372.67 | NOTE | |||
r-devel-windows-x86_64 | 1.0.0 | 140.00 | 104.00 | 244.00 | NOTE | |
r-patched-linux-x86_64 | 1.0.0 | 137.37 | 50.74 | 188.11 | NOTE | |
r-release-linux-x86_64 | 1.0.0 | 137.51 | 51.12 | 188.63 | NOTE | |
r-release-macos-arm64 | 1.0.0 | 77.00 | NOTE | |||
r-release-macos-x86_64 | 1.0.0 | 76.00 | NOTE | |||
r-release-windows-x86_64 | 1.0.0 | 135.00 | 93.00 | 228.00 | NOTE | |
r-oldrel-macos-arm64 | 1.0.0 | 93.00 | NOTE | |||
r-oldrel-macos-x86_64 | 1.0.0 | 162.00 | NOTE | |||
r-oldrel-windows-x86_64 | 1.0.0 | 165.00 | 109.00 | 274.00 | NOTE |
Version: 1.0.0
Check: C++ specification
Result: NOTE
Specified C++11: please drop specification unless essential
Flavors: r-devel-linux-x86_64-debian-clang, r-devel-linux-x86_64-debian-gcc, r-devel-linux-x86_64-fedora-clang, r-devel-linux-x86_64-fedora-gcc, r-devel-windows-x86_64, r-patched-linux-x86_64, r-release-linux-x86_64, r-release-macos-arm64, r-release-macos-x86_64, r-release-windows-x86_64, r-oldrel-macos-arm64, r-oldrel-macos-x86_64, r-oldrel-windows-x86_64
Version: 1.0.0
Check: Rd files
Result: NOTE
checkRd: (-1) colplot.Rd:52: Lost braces
52 | \item{legend}{should a legend be added? Defaults to code{FALSE}}
| ^
checkRd: (-1) colplot.Rd:56: Lost braces
56 | \item{legend.pretty}{logical: should the legend values produced by \[base]{pretty}? Othewrwise they are exact. Defaults to \code{TRUE}}
| ^
Flavors: r-devel-linux-x86_64-debian-clang, r-devel-linux-x86_64-debian-gcc, r-devel-linux-x86_64-fedora-clang, r-devel-linux-x86_64-fedora-gcc, r-devel-windows-x86_64, r-patched-linux-x86_64, r-release-linux-x86_64, r-release-macos-arm64, r-release-macos-x86_64, r-release-windows-x86_64
Version: 1.0.0
Check: installed package size
Result: NOTE
installed size is 7.1Mb
sub-directories of 1Mb or more:
libs 6.2Mb
Flavors: r-release-macos-arm64, r-release-macos-x86_64, r-oldrel-macos-arm64, r-oldrel-macos-x86_64