CRAN Package Check Results for Package excelR

Last updated on 2024-02-28 19:49:35 CET.

Flavor Version Tinstall Tcheck Ttotal Status Flags
r-devel-linux-x86_64-debian-clang 0.4.0 2.75 35.77 38.52 NOTE
r-devel-linux-x86_64-debian-gcc 0.4.0 2.97 27.18 30.15 NOTE
r-devel-linux-x86_64-fedora-clang 0.4.0 49.25 NOTE
r-devel-linux-x86_64-fedora-gcc 0.4.0 48.08 NOTE
r-devel-windows-x86_64 0.4.0 4.00 51.00 55.00 NOTE
r-patched-linux-x86_64 0.4.0 3.07 35.03 38.10 NOTE
r-release-linux-x86_64 0.4.0 2.93 34.74 37.67 NOTE
r-release-macos-arm64 0.4.0 27.00 NOTE
r-release-macos-x86_64 0.4.0 29.00 NOTE
r-release-windows-x86_64 0.4.0 6.00 56.00 62.00 NOTE
r-oldrel-macos-arm64 0.4.0 21.00 NOTE
r-oldrel-windows-x86_64 0.4.0 6.00 58.00 64.00 NOTE

Check Details

Version: 0.4.0
Check: LazyData
Result: NOTE 'LazyData' is specified without a 'data' directory Flavors: r-devel-linux-x86_64-debian-clang, r-devel-linux-x86_64-debian-gcc, r-devel-linux-x86_64-fedora-clang, r-devel-linux-x86_64-fedora-gcc, r-devel-windows-x86_64, r-patched-linux-x86_64, r-release-linux-x86_64, r-release-macos-arm64, r-release-macos-x86_64, r-release-windows-x86_64, r-oldrel-macos-arm64, r-oldrel-windows-x86_64