CRAN Package Check Results for Package excelR

Last updated on 2021-12-03 19:50:10 CET.

Flavor Version Tinstall Tcheck Ttotal Status Flags
r-devel-linux-x86_64-debian-clang 0.4.0 2.92 29.62 32.54 NOTE
r-devel-linux-x86_64-debian-gcc 0.4.0 2.19 23.30 25.49 ERROR
r-devel-linux-x86_64-fedora-clang 0.4.0 53.51 NOTE
r-devel-linux-x86_64-fedora-gcc 0.4.0 39.17 NOTE
r-devel-windows-x86_64-new-UL 0.4.0 8.00 68.00 76.00 NOTE
r-devel-windows-x86_64-new-TK 0.4.0 NOTE
r-devel-windows-x86_64-old 0.4.0 5.00 39.00 44.00 NOTE
r-patched-linux-x86_64 0.4.0 2.97 28.47 31.44 NOTE
r-release-linux-x86_64 0.4.0 2.75 28.11 30.86 NOTE
r-release-macos-arm64 0.4.0 NOTE
r-release-macos-x86_64 0.4.0 NOTE
r-release-windows-ix86+x86_64 0.4.0 7.00 48.00 55.00 NOTE
r-oldrel-macos-x86_64 0.4.0 OK
r-oldrel-windows-ix86+x86_64 0.4.0 6.00 48.00 54.00 OK

Check Details

Version: 0.4.0
Check: LazyData
Result: NOTE
     'LazyData' is specified without a 'data' directory
Flavors: r-devel-linux-x86_64-debian-clang, r-devel-linux-x86_64-debian-gcc, r-devel-linux-x86_64-fedora-clang, r-devel-linux-x86_64-fedora-gcc, r-devel-windows-x86_64-new-UL, r-devel-windows-x86_64-new-TK, r-devel-windows-x86_64-old, r-patched-linux-x86_64, r-release-linux-x86_64, r-release-macos-arm64, r-release-macos-x86_64, r-release-windows-ix86+x86_64

Version: 0.4.0
Check: tests
Result: ERROR
     Running ‘testthat.R’ [2s/2s]
    Running the tests in ‘tests/testthat.R’ failed.
    Complete output:
     > library(testthat)
     > library(excelR)
     >
     > test_check("excelR")
     ══ Failed tests ════════════════════════════════════════════════════════════════
     ── Failure (test_columns_and_colHeaders.R:55:3): 'colHeaders' argument gives error if not a vector ──
     `excelTable(colHeaders = c)` did not throw an error.
    
     [ FAIL 1 | WARN 0 | SKIP 0 | PASS 133 ]
     Error: Test failures
     Execution halted
Flavor: r-devel-linux-x86_64-debian-gcc