CRAN Package Check Results for Package exifr

Last updated on 2024-02-22 19:55:31 CET.

Flavor Version Tinstall Tcheck Ttotal Status Flags
r-devel-linux-x86_64-debian-clang 0.3.2 NOTE
r-devel-linux-x86_64-debian-gcc 0.3.2 2.33 48.67 51.00 NOTE
r-devel-linux-x86_64-fedora-clang 0.3.2 89.66 NOTE
r-devel-linux-x86_64-fedora-gcc 0.3.2 91.49 NOTE
r-devel-windows-x86_64 0.3.2 8.00 80.00 88.00 NOTE
r-patched-linux-x86_64 0.3.2 2.72 65.21 67.93 NOTE
r-release-linux-x86_64 0.3.2 3.19 65.51 68.70 NOTE
r-release-macos-arm64 0.3.2 34.00 NOTE
r-release-macos-x86_64 0.3.2 50.00 NOTE
r-release-windows-x86_64 0.3.2 10.00 95.00 105.00 NOTE
r-oldrel-macos-arm64 0.3.2 32.00 NOTE
r-oldrel-windows-x86_64 0.3.2 11.00 99.00 110.00 NOTE

Check Details

Version: 0.3.2
Check: LazyData
Result: NOTE 'LazyData' is specified without a 'data' directory Flavors: r-devel-linux-x86_64-debian-clang, r-devel-linux-x86_64-debian-gcc, r-devel-linux-x86_64-fedora-clang, r-devel-linux-x86_64-fedora-gcc, r-devel-windows-x86_64, r-patched-linux-x86_64, r-release-linux-x86_64, r-release-macos-arm64, r-release-macos-x86_64, r-release-windows-x86_64, r-oldrel-macos-arm64, r-oldrel-windows-x86_64

Version: 0.3.2
Check: installed package size
Result: NOTE installed size is 14.2Mb sub-directories of 1Mb or more: exiftool 14.1Mb Flavors: r-devel-windows-x86_64, r-release-macos-arm64, r-release-macos-x86_64, r-release-windows-x86_64, r-oldrel-macos-arm64, r-oldrel-windows-x86_64