CRAN Package Check Results for Package expint

Last updated on 2022-01-18 19:51:06 CET.

Flavor Version Tinstall Tcheck Ttotal Status Flags
r-devel-linux-x86_64-debian-clang 0.1-6 2.34 35.79 38.13 NOTE
r-devel-linux-x86_64-debian-gcc 0.1-6 2.25 28.80 31.05 NOTE
r-devel-linux-x86_64-fedora-clang 0.1-6 50.54 NOTE
r-devel-linux-x86_64-fedora-gcc 0.1-6 40.12 NOTE
r-devel-windows-x86_64-new-UL 0.1-6 24.00 82.00 106.00 NOTE
r-devel-windows-x86_64-new-TK 0.0-1 NOTE
r-patched-linux-x86_64 0.1-6 2.50 35.26 37.76 NOTE
r-release-linux-x86_64 0.1-6 NOTE
r-release-macos-arm64 0.1-6 NOTE
r-release-macos-x86_64 0.1-6 NOTE
r-release-windows-ix86+x86_64 0.1-6 10.00 44.00 54.00 NOTE
r-oldrel-macos-x86_64 0.1-6 OK
r-oldrel-windows-ix86+x86_64 0.1-6 8.00 44.00 52.00 OK

Check Details

Version: 0.1-6
Check: LazyData
Result: NOTE
     'LazyData' is specified without a 'data' directory
Flavors: r-devel-linux-x86_64-debian-clang, r-devel-linux-x86_64-debian-gcc, r-devel-linux-x86_64-fedora-clang, r-devel-linux-x86_64-fedora-gcc, r-devel-windows-x86_64-new-UL, r-devel-windows-x86_64-new-TK, r-patched-linux-x86_64, r-release-linux-x86_64, r-release-macos-arm64, r-release-macos-x86_64, r-release-windows-ix86+x86_64