CRAN Package Check Results for Package extRemes

Last updated on 2018-01-22 19:46:27 CET.

Flavor Version Tinstall Tcheck Ttotal Status Flags
r-devel-linux-x86_64-debian-clang 2.0-8 8.89 123.11 132.00 NOTE
r-devel-linux-x86_64-debian-gcc 2.0-8 6.22 98.11 104.33 NOTE
r-devel-linux-x86_64-fedora-clang 2.0-8 165.29 NOTE
r-devel-linux-x86_64-fedora-gcc 2.0-8 162.79 NOTE
r-devel-windows-ix86+x86_64 2.0-8 16.00 170.00 186.00 OK
r-patched-linux-x86_64 2.0-8 8.55 134.80 143.35 NOTE
r-patched-solaris-x86 2.0-8 235.50 OK
r-release-linux-x86_64 2.0-8 8.46 133.28 141.74 NOTE
r-release-windows-ix86+x86_64 2.0-8 23.00 177.00 200.00 OK
r-release-osx-x86_64 2.0-8 OK
r-oldrel-windows-ix86+x86_64 2.0-8 23.00 160.00 183.00 OK
r-oldrel-osx-x86_64 2.0-8 OK

Check Details

Version: 2.0-8
Check: compiled code
Result: NOTE
    File ‘extRemes/libs/extRemes.so’:
     Found no calls to: ‘R_registerRoutines’, ‘R_useDynamicSymbols’
    
    It is good practice to register native routines and to disable symbol
    search.
    
    See ‘Writing portable packages’ in the ‘Writing R Extensions’ manual.
Flavors: r-devel-linux-x86_64-debian-clang, r-devel-linux-x86_64-debian-gcc, r-devel-linux-x86_64-fedora-clang, r-devel-linux-x86_64-fedora-gcc, r-patched-linux-x86_64, r-release-linux-x86_64