CRAN Package Check Results for Package extraDistr

Last updated on 2019-05-24 21:47:39 CEST.

Flavor Version Tinstall Tcheck Ttotal Status Flags
r-devel-linux-x86_64-debian-clang 1.8.10 406.29 69.80 476.09 OK
r-devel-linux-x86_64-debian-gcc 1.8.10 292.08 53.38 345.46 OK
r-devel-linux-x86_64-fedora-clang 1.8.10 730.63 NOTE
r-devel-linux-x86_64-fedora-gcc 1.8.10 617.85 OK
r-devel-windows-ix86+x86_64 1.8.10 940.00 161.00 1101.00 OK
r-patched-linux-x86_64 1.8.10 OK
r-patched-solaris-x86 1.8.10 582.50 OK
r-release-linux-x86_64 1.8.10 371.64 67.98 439.62 OK
r-release-windows-ix86+x86_64 1.8.10 1150.00 160.00 1310.00 OK
r-release-osx-x86_64 1.8.10 NOTE
r-oldrel-windows-ix86+x86_64 1.8.10 1268.00 179.00 1447.00 OK
r-oldrel-osx-x86_64 1.8.10 NOTE

Check Details

Version: 1.8.10
Check: installed package size
Result: NOTE
     installed size is 13.2Mb
     sub-directories of 1Mb or more:
     libs 12.8Mb
Flavors: r-devel-linux-x86_64-fedora-clang, r-release-osx-x86_64, r-oldrel-osx-x86_64