Last updated on 2019-02-15 19:48:53 CET.
Flavor | Version | Tinstall | Tcheck | Ttotal | Status | Flags |
---|---|---|---|---|---|---|
r-devel-linux-x86_64-debian-clang | 1.8.10 | 369.13 | 72.41 | 441.54 | OK | |
r-devel-linux-x86_64-debian-gcc | 1.8.10 | 281.96 | 54.92 | 336.88 | OK | |
r-devel-linux-x86_64-fedora-clang | 1.8.10 | 763.98 | NOTE | |||
r-devel-linux-x86_64-fedora-gcc | 1.8.10 | 660.01 | OK | |||
r-devel-windows-ix86+x86_64 | 1.8.10 | 1443.00 | 163.00 | 1606.00 | OK | |
r-patched-linux-x86_64 | 1.8.10 | 343.32 | 64.92 | 408.24 | OK | |
r-patched-solaris-x86 | 1.8.10 | 567.90 | OK | |||
r-release-linux-x86_64 | 1.8.10 | 346.72 | 64.30 | 411.02 | OK | |
r-release-windows-ix86+x86_64 | 1.8.10 | 863.00 | 198.00 | 1061.00 | OK | |
r-release-osx-x86_64 | 1.8.10 | NOTE | ||||
r-oldrel-windows-ix86+x86_64 | 1.8.10 | 1153.00 | 411.00 | 1564.00 | OK | |
r-oldrel-osx-x86_64 | 1.8.10 | NOTE |
Version: 1.8.10
Check: installed package size
Result: NOTE
installed size is 13.1Mb
sub-directories of 1Mb or more:
libs 12.7Mb
Flavors: r-devel-linux-x86_64-fedora-clang, r-release-osx-x86_64, r-oldrel-osx-x86_64