CRAN Package Check Results for Package extremis

Last updated on 2025-04-24 22:49:37 CEST.

Flavor Version Tinstall Tcheck Ttotal Status Flags
r-devel-linux-x86_64-debian-clang 1.2.1 8.42 65.66 74.08 OK
r-devel-linux-x86_64-debian-gcc 1.2.1 6.35 49.10 55.45 OK
r-devel-linux-x86_64-fedora-clang 1.2.1 114.93 NOTE
r-devel-linux-x86_64-fedora-gcc 1.2.1 111.83 NOTE
r-devel-windows-x86_64 1.2.1 11.00 84.00 95.00 OK
r-patched-linux-x86_64 1.2.1 8.72 63.76 72.48 OK
r-release-linux-x86_64 1.2.1 8.26 64.37 72.63 OK
r-release-macos-arm64 1.2.1 52.00 OK
r-release-macos-x86_64 1.2.1 92.00 OK
r-release-windows-x86_64 1.2.1 12.00 83.00 95.00 OK
r-oldrel-macos-arm64 1.2.1 35.00 OK
r-oldrel-macos-x86_64 1.2.1 56.00 OK
r-oldrel-windows-x86_64 1.2.1 16.00 101.00 117.00 OK

Check Details

Version: 1.2.1
Check: compiled code
Result: NOTE File ‘extremis/libs/extremis.so’: Found no calls to: ‘R_registerRoutines’, ‘R_useDynamicSymbols’ It is good practice to register native routines and to disable symbol search. See ‘Writing portable packages’ in the ‘Writing R Extensions’ manual. Flavors: r-devel-linux-x86_64-fedora-clang, r-devel-linux-x86_64-fedora-gcc