CRAN Package Check Results for Package eye

Last updated on 2024-07-22 21:56:26 CEST.

Flavor Version Tinstall Tcheck Ttotal Status Flags
r-devel-linux-x86_64-debian-clang 1.2.1 9.79 100.27 110.06 NOTE
r-devel-linux-x86_64-debian-gcc 1.2.1 6.07 72.91 78.98 NOTE
r-devel-linux-x86_64-fedora-clang 1.2.1 136.93 NOTE
r-devel-linux-x86_64-fedora-gcc 1.2.1 138.53 NOTE
r-devel-windows-x86_64 1.2.1 9.00 102.00 111.00 NOTE
r-patched-linux-x86_64 1.2.1 7.59 95.10 102.69 NOTE
r-release-linux-x86_64 1.2.1 6.11 95.44 101.55 NOTE
r-release-macos-arm64 1.2.1 45.00 NOTE
r-release-macos-x86_64 1.2.1 72.00 NOTE
r-release-windows-x86_64 1.2.1 9.00 100.00 109.00 NOTE
r-oldrel-macos-arm64 1.2.1 48.00 NOTE
r-oldrel-macos-x86_64 1.2.1 73.00 NOTE
r-oldrel-windows-x86_64 1.2.1 10.00 115.00 125.00 NOTE

Check Details

Version: 1.2.1
Check: package subdirectories
Result: NOTE Problems with news in ‘NEWS.md’: Cannot extract version info from the following section titles: Functions and objects (details) Flavors: r-devel-linux-x86_64-debian-clang, r-devel-linux-x86_64-debian-gcc, r-devel-linux-x86_64-fedora-clang, r-devel-linux-x86_64-fedora-gcc, r-devel-windows-x86_64, r-patched-linux-x86_64, r-release-linux-x86_64, r-release-macos-arm64, r-release-macos-x86_64, r-release-windows-x86_64, r-oldrel-macos-arm64, r-oldrel-macos-x86_64, r-oldrel-windows-x86_64

Version: 1.2.1
Check: Rd files
Result: NOTE checkRd: (-1) va.Rd:80: Lost braces 80 | \doi{10.1016/s0002-9394(02)01825-1}{Beck et al.}, and | ^ Flavors: r-devel-linux-x86_64-debian-clang, r-devel-linux-x86_64-debian-gcc, r-devel-linux-x86_64-fedora-clang, r-devel-linux-x86_64-fedora-gcc, r-devel-windows-x86_64, r-patched-linux-x86_64, r-release-linux-x86_64, r-release-macos-arm64, r-release-macos-x86_64, r-release-windows-x86_64