CRAN Package Check Results for Package facmodCS

Last updated on 2024-02-21 19:53:14 CET.

Flavor Version Tinstall Tcheck Ttotal Status Flags
r-devel-linux-x86_64-debian-clang 1.0 NOTE
r-devel-linux-x86_64-debian-gcc 1.0 11.33 54.91 66.24 NOTE
r-devel-linux-x86_64-fedora-clang 1.0 117.26 NOTE
r-devel-linux-x86_64-fedora-gcc 1.0 110.56 OK
r-devel-windows-x86_64 1.0 14.00 75.00 89.00 OK
r-patched-linux-x86_64 1.0 14.62 70.79 85.41 OK
r-release-linux-x86_64 1.0 17.20 69.97 87.17 OK
r-release-macos-arm64 1.0 31.00 OK
r-release-macos-x86_64 1.0 93.00 OK
r-release-windows-x86_64 1.0 21.00 86.00 107.00 OK
r-oldrel-macos-arm64 1.0 34.00 OK
r-oldrel-windows-x86_64 1.0 20.00 84.00 104.00 OK

Check Details

Version: 1.0
Check: Rd files
Result: NOTE checkRd: (-1) fmCov.Rd:37: Lost braces; missing escapes or markup? 37 | where, \code{alpha(i)} is the intercept, \code{f(t)} is a {K x 1} vector of | ^ checkRd: (-1) plot.ffm.Rd:82: Lost braces; missing escapes or markup? 82 | \item{las}{one of {0, 1, 2, 3} to set the direction of axis labels, same as | ^ checkRd: (-1) summary.ffm.Rd:39: Lost braces; missing escapes or markup? 39 | Returned object is of class {summary.ffm}. | ^ Flavors: r-devel-linux-x86_64-debian-clang, r-devel-linux-x86_64-debian-gcc

Version: 1.0
Check: Rd cross-references
Result: NOTE Undeclared package ‘strucchange’ in Rd xrefs Flavor: r-devel-linux-x86_64-fedora-clang