CRAN Package Check Results for Package faq

Last updated on 2021-12-06 19:50:38 CET.

Flavor Version Tinstall Tcheck Ttotal Status Flags
r-devel-linux-x86_64-debian-clang 0.1.1 2.17 33.02 35.19 NOTE
r-devel-linux-x86_64-debian-gcc 0.1.1 1.61 27.21 28.82 NOTE
r-devel-linux-x86_64-fedora-clang 0.1.1 45.62 NOTE
r-devel-linux-x86_64-fedora-gcc 0.1.1 34.47 NOTE
r-devel-windows-x86_64-new-UL 0.1.1 6.00 71.00 77.00 NOTE
r-devel-windows-x86_64-new-TK 0.1.1 NOTE
r-devel-windows-x86_64-old 0.1.1 4.00 36.00 40.00 NOTE
r-patched-linux-x86_64 0.1.1 2.12 24.34 26.46 NOTE
r-release-linux-x86_64 0.1.1 2.16 32.01 34.17 NOTE
r-release-macos-arm64 0.1.1 NOTE
r-release-macos-x86_64 0.1.1 WARN
r-release-windows-ix86+x86_64 0.1.1 6.00 42.00 48.00 NOTE
r-oldrel-macos-x86_64 0.1.1 WARN
r-oldrel-windows-ix86+x86_64 0.1.1 6.00 43.00 49.00 OK

Check Details

Version: 0.1.1
Check: LazyData
Result: NOTE
     'LazyData' is specified without a 'data' directory
Flavors: r-devel-linux-x86_64-debian-clang, r-devel-linux-x86_64-debian-gcc, r-devel-linux-x86_64-fedora-clang, r-devel-linux-x86_64-fedora-gcc, r-devel-windows-x86_64-new-UL, r-devel-windows-x86_64-new-TK, r-devel-windows-x86_64-old, r-patched-linux-x86_64, r-release-linux-x86_64, r-release-macos-arm64, r-release-macos-x86_64, r-release-windows-ix86+x86_64

Version: 0.1.1
Check: re-building of vignette outputs
Result: WARN
    Error(s) in re-building vignettes:
     ...
    --- re-building ‘Intro-faq.Rmd’ using rmarkdown
    Warning in engine$weave(file, quiet = quiet, encoding = enc) :
     Pandoc (>= 1.12.3) not available. Falling back to R Markdown v1.
    Quitting from lines 26-34 (Intro-faq.Rmd)
    Error: processing vignette 'Intro-faq.Rmd' failed with diagnostics:
    invalid 'path' argument
    --- failed re-building ‘Intro-faq.Rmd’
    
    SUMMARY: processing the following file failed:
     ‘Intro-faq.Rmd’
    
    Error: Vignette re-building failed.
    Execution halted
Flavor: r-release-macos-x86_64

Version: 0.1.1
Check: re-building of vignette outputs
Result: WARN
    Error(s) in re-building vignettes:
     ...
    --- re-building ‘Intro-faq.Rmd’ using rmarkdown
    Warning in engine$weave(file, quiet = quiet, encoding = enc) :
     Pandoc (>= 1.12.3) and/or pandoc-citeproc not available. Falling back to R Markdown v1.
    Quitting from lines 26-34 (Intro-faq.Rmd)
    Error: processing vignette 'Intro-faq.Rmd' failed with diagnostics:
    cannot open the connection
    --- failed re-building ‘Intro-faq.Rmd’
    
    SUMMARY: processing the following file failed:
     ‘Intro-faq.Rmd’
    
    Error: Vignette re-building failed.
    Execution halted
Flavor: r-oldrel-macos-x86_64