CRAN Package Check Results for Package fastM

Last updated on 2021-02-28 19:47:59 CET.

Flavor Version Tinstall Tcheck Ttotal Status Flags
r-devel-linux-x86_64-debian-clang 0.0-4 OK
r-devel-linux-x86_64-debian-gcc 0.0-4 19.73 23.28 43.01 OK
r-devel-linux-x86_64-fedora-clang 0.0-4 95.07 NOTE
r-devel-linux-x86_64-fedora-gcc 0.0-4 75.23 OK
r-devel-windows-ix86+x86_64 0.0-4 49.00 61.00 110.00 OK
r-patched-linux-x86_64 0.0-4 30.43 28.88 59.31 OK
r-patched-solaris-x86 0.0-4 90.30 OK
r-release-linux-x86_64 0.0-4 23.62 28.93 52.55 OK
r-release-macos-x86_64 0.0-4 OK
r-release-windows-ix86+x86_64 0.0-4 78.00 78.00 156.00 OK
r-oldrel-macos-x86_64 0.0-4 OK
r-oldrel-windows-ix86+x86_64 0.0-4 50.00 63.00 113.00 OK

Check Details

Version: 0.0-4
Check: Rd cross-references
Result: NOTE
    Undeclared packages ‘ICSNP’, ‘ICS’ in Rd xrefs
Flavor: r-devel-linux-x86_64-fedora-clang