CRAN Package Check Results for Package fastTopics

Last updated on 2024-03-03 19:56:21 CET.

Flavor Version Tinstall Tcheck Ttotal Status Flags
r-devel-linux-x86_64-debian-clang 0.6-163 184.04 239.47 423.51 NOTE
r-devel-linux-x86_64-debian-gcc 0.6-163 144.56 179.59 324.15 NOTE
r-devel-linux-x86_64-fedora-clang 0.6-163 577.27 NOTE
r-devel-linux-x86_64-fedora-gcc 0.6-163 592.77 NOTE
r-devel-windows-x86_64 0.6-163 137.00 215.00 352.00 NOTE
r-patched-linux-x86_64 0.6-163 177.57 232.99 410.56 NOTE
r-release-linux-x86_64 0.6-163 134.40 230.07 364.47 NOTE
r-release-macos-arm64 0.6-163 138.00 ERROR
r-release-macos-x86_64 0.6-163 257.00 NOTE
r-release-windows-x86_64 0.6-163 187.00 264.00 451.00 NOTE
r-oldrel-macos-arm64 0.6-163 141.00 NOTE
r-oldrel-windows-x86_64 0.6-163 180.00 245.00 425.00 NOTE

Check Details

Version: 0.6-163
Check: package dependencies
Result: NOTE Package suggested but not available for checking: ‘NNLM’ Flavors: r-devel-linux-x86_64-debian-clang, r-devel-linux-x86_64-debian-gcc, r-devel-linux-x86_64-fedora-clang, r-devel-linux-x86_64-fedora-gcc, r-devel-windows-x86_64, r-patched-linux-x86_64, r-release-linux-x86_64, r-release-macos-arm64, r-release-macos-x86_64, r-release-windows-x86_64, r-oldrel-macos-arm64, r-oldrel-windows-x86_64

Version: 0.6-163
Check: for GNU extensions in Makefiles
Result: NOTE GNU make is a SystemRequirements. Flavors: r-devel-linux-x86_64-debian-clang, r-devel-linux-x86_64-debian-gcc, r-devel-linux-x86_64-fedora-clang, r-devel-linux-x86_64-fedora-gcc, r-devel-windows-x86_64, r-patched-linux-x86_64, r-release-linux-x86_64, r-release-macos-arm64, r-release-macos-x86_64, r-release-windows-x86_64, r-oldrel-macos-arm64, r-oldrel-windows-x86_64

Version: 0.6-163
Check: installed package size
Result: NOTE installed size is 5.6Mb sub-directories of 1Mb or more: data 4.3Mb Flavors: r-devel-linux-x86_64-fedora-clang, r-devel-windows-x86_64, r-release-macos-arm64, r-release-macos-x86_64, r-release-windows-x86_64, r-oldrel-macos-arm64, r-oldrel-windows-x86_64

Version: 0.6-163
Check: tests
Result: ERROR Running ‘testthat.R’ [16s/17s] Running the tests in ‘tests/testthat.R’ failed. Last 13 lines of output: 2. │ └─base::withVisible(...elt(i)) 3. └─fastTopics::umap_plot(fit1, fill = "loading", verbose = FALSE) 4. └─fastTopics::umap_from_topics(fit, dims = 2, ...) 5. └─uwot::umap(...) 6. └─uwot:::uwot(...) 7. └─uwot:::spectral_init(V, ndim = n_components, verbose = verbose) 8. └─uwot:::irlba_tsvd_normalized_laplacian_init(A, ndim, verbose = FALSE) 9. └─uwot:::irlba_spectral_tsvd(L, ndim + 1) 10. ├─base::suppressWarnings(...) 11. │ └─base::withCallingHandlers(...) 12. └─irlba::irlba(L, nv = n, nu = 0, maxit = iters) [ FAIL 1 | WARN 3 | SKIP 7 | PASS 234 ] Error: Test failures Execution halted Flavor: r-release-macos-arm64