Last updated on 2023-02-01 19:54:06 CET.
Flavor | Version | Tinstall | Tcheck | Ttotal | Status | Flags |
---|---|---|---|---|---|---|
r-devel-linux-x86_64-debian-clang | 0.6-142 | 172.84 | 251.77 | 424.61 | NOTE | |
r-devel-linux-x86_64-debian-gcc | 0.6-142 | 138.13 | 182.37 | 320.50 | NOTE | |
r-devel-linux-x86_64-fedora-clang | 0.6-142 | 584.65 | NOTE | |||
r-devel-linux-x86_64-fedora-gcc | 0.6-142 | 591.28 | NOTE | |||
r-devel-windows-x86_64 | 0.6-142 | 330.00 | 315.00 | 645.00 | NOTE | |
r-patched-linux-x86_64 | 0.6-142 | 143.29 | 237.85 | 381.14 | NOTE | |
r-release-linux-x86_64 | 0.6-142 | 147.61 | 246.22 | 393.83 | NOTE | |
r-release-macos-arm64 | 0.6-142 | 140.00 | NOTE | |||
r-release-macos-x86_64 | 0.6-142 | 183.00 | NOTE | |||
r-release-windows-x86_64 | 0.6-142 | 176.00 | 305.00 | 481.00 | NOTE | |
r-oldrel-macos-arm64 | 0.6-142 | 138.00 | NOTE | |||
r-oldrel-macos-x86_64 | 0.6-142 | 185.00 | NOTE | |||
r-oldrel-windows-ix86+x86_64 | 0.6-142 | 402.00 | 416.00 | 818.00 | NOTE |
Version: 0.6-142
Check: package dependencies
Result: NOTE
Package suggested but not available for checking: ‘NNLM’
Flavors: r-devel-linux-x86_64-debian-clang, r-devel-linux-x86_64-debian-gcc, r-devel-linux-x86_64-fedora-clang, r-devel-linux-x86_64-fedora-gcc, r-devel-windows-x86_64, r-patched-linux-x86_64, r-release-linux-x86_64, r-release-macos-arm64, r-release-macos-x86_64, r-release-windows-x86_64, r-oldrel-macos-arm64, r-oldrel-macos-x86_64
Version: 0.6-142
Check: C++ specification
Result: NOTE
Specified C++11: please update to current default of C++17
Flavors: r-devel-linux-x86_64-debian-clang, r-devel-linux-x86_64-debian-gcc, r-devel-linux-x86_64-fedora-clang, r-devel-linux-x86_64-fedora-gcc, r-devel-windows-x86_64
Version: 0.6-142
Check: for GNU extensions in Makefiles
Result: NOTE
GNU make is a SystemRequirements.
Flavors: r-devel-linux-x86_64-debian-clang, r-devel-linux-x86_64-debian-gcc, r-devel-linux-x86_64-fedora-clang, r-devel-linux-x86_64-fedora-gcc, r-devel-windows-x86_64, r-patched-linux-x86_64, r-release-linux-x86_64, r-release-macos-arm64, r-release-macos-x86_64, r-release-windows-x86_64, r-oldrel-macos-arm64, r-oldrel-macos-x86_64, r-oldrel-windows-ix86+x86_64
Version: 0.6-142
Check: installed package size
Result: NOTE
installed size is 5.6Mb
sub-directories of 1Mb or more:
data 4.3Mb
Flavors: r-devel-linux-x86_64-fedora-clang, r-devel-windows-x86_64, r-release-macos-arm64, r-release-macos-x86_64, r-release-windows-x86_64, r-oldrel-macos-arm64, r-oldrel-macos-x86_64, r-oldrel-windows-ix86+x86_64