CRAN Package Check Results for Package fastcmh

Last updated on 2021-11-29 19:51:29 CET.

Flavor Version Tinstall Tcheck Ttotal Status Flags
r-devel-linux-x86_64-debian-clang 0.2.7 36.86 31.07 67.93 OK
r-devel-linux-x86_64-debian-gcc 0.2.7 29.88 24.63 54.51 OK
r-devel-linux-x86_64-fedora-clang 0.2.7 113.00 NOTE
r-devel-linux-x86_64-fedora-gcc 0.2.7 93.60 NOTE
r-devel-windows-x86_64-new-UL 0.2.7 55.00 89.00 144.00 OK
r-devel-windows-x86_64-new-TK 0.2.7 OK
r-devel-windows-x86_64-old 0.2.7 52.00 51.00 103.00 OK
r-patched-linux-x86_64 0.2.7 33.71 30.24 63.95 OK
r-patched-solaris-x86 0.2.7 110.50 OK
r-release-linux-x86_64 0.2.7 37.63 30.48 68.11 OK
r-release-macos-arm64 0.2.7 OK
r-release-macos-x86_64 0.2.7 OK
r-release-windows-ix86+x86_64 0.2.7 101.00 60.00 161.00 OK
r-oldrel-macos-x86_64 0.2.7 OK
r-oldrel-windows-ix86+x86_64 0.2.7 69.00 74.00 143.00 OK

Check Details

Version: 0.2.7
Check: compiled code
Result: NOTE
    File ‘fastcmh/libs/fastcmh.so’:
     Found no calls to: ‘R_registerRoutines’, ‘R_useDynamicSymbols’
    
    It is good practice to register native routines and to disable symbol
    search.
    
    See ‘Writing portable packages’ in the ‘Writing R Extensions’ manual.
Flavors: r-devel-linux-x86_64-fedora-clang, r-devel-linux-x86_64-fedora-gcc