Last updated on 2022-06-27 21:51:19 CEST.
Flavor | Version | Tinstall | Tcheck | Ttotal | Status | Flags |
---|---|---|---|---|---|---|
r-devel-linux-x86_64-debian-clang | 1.1.1 | 11.40 | 69.34 | 80.74 | NOTE | |
r-devel-linux-x86_64-debian-gcc | 1.1.1 | 10.06 | 53.36 | 63.42 | NOTE | |
r-devel-linux-x86_64-fedora-clang | 1.1.1 | 108.38 | NOTE | |||
r-devel-linux-x86_64-fedora-gcc | 1.1.1 | 109.68 | NOTE | |||
r-devel-windows-x86_64 | 1.1.1 | 34.00 | 92.00 | 126.00 | NOTE | |
r-patched-linux-x86_64 | 1.1.1 | 11.11 | 67.61 | 78.72 | NOTE | |
r-release-linux-x86_64 | 1.1.1 | 11.14 | 67.30 | 78.44 | NOTE | |
r-release-macos-arm64 | 1.1.1 | 32.00 | NOTE | |||
r-release-macos-x86_64 | 1.1.1 | 47.00 | NOTE | |||
r-release-windows-x86_64 | 1.1.1 | 31.00 | 94.00 | 125.00 | NOTE | |
r-oldrel-macos-arm64 | 1.1.1 | 41.00 | NOTE | |||
r-oldrel-macos-x86_64 | 1.1.1 | 60.00 | NOTE | |||
r-oldrel-windows-ix86+x86_64 | 1.1.1 | 29.00 | 114.00 | 143.00 | NOTE |
Version: 1.1.1
Check: package dependencies
Result: NOTE
Package suggested but not available for checking: 'crrp'
Flavors: r-devel-linux-x86_64-debian-clang, r-devel-linux-x86_64-debian-gcc, r-devel-linux-x86_64-fedora-clang, r-devel-linux-x86_64-fedora-gcc, r-patched-linux-x86_64, r-release-linux-x86_64
Version: 1.1.1
Check: LazyData
Result: NOTE
'LazyData' is specified without a 'data' directory
Flavors: r-devel-linux-x86_64-debian-clang, r-devel-linux-x86_64-debian-gcc, r-devel-linux-x86_64-fedora-clang, r-devel-linux-x86_64-fedora-gcc, r-devel-windows-x86_64, r-patched-linux-x86_64, r-release-linux-x86_64, r-release-macos-arm64, r-release-macos-x86_64, r-release-windows-x86_64, r-oldrel-macos-arm64, r-oldrel-macos-x86_64, r-oldrel-windows-ix86+x86_64