Last updated on 2022-05-25 21:52:58 CEST.
Flavor | Version | Tinstall | Tcheck | Ttotal | Status | Flags |
---|---|---|---|---|---|---|
r-devel-linux-x86_64-debian-clang | 0.4-1 | 15.00 | 49.78 | 64.78 | OK | |
r-devel-linux-x86_64-debian-gcc | 0.4-1 | 11.35 | 37.61 | 48.96 | OK | |
r-devel-linux-x86_64-fedora-clang | 0.4-1 | 77.89 | OK | |||
r-devel-linux-x86_64-fedora-gcc | 0.4-1 | 76.19 | OK | |||
r-devel-windows-x86_64 | 0.4-1 | 80.00 | 69.00 | 149.00 | OK | |
r-patched-linux-x86_64 | 0.4-1 | 12.65 | 46.98 | 59.63 | OK | |
r-release-linux-x86_64 | 0.4-1 | OK | ||||
r-release-macos-arm64 | 0.4-1 | 26.00 | OK | |||
r-release-macos-x86_64 | 0.4-1 | 46.00 | WARN | |||
r-release-windows-x86_64 | 0.4-1 | 46.00 | 71.00 | 117.00 | OK | |
r-oldrel-macos-arm64 | 0.4-1 | 26.00 | OK | |||
r-oldrel-macos-x86_64 | 0.4-1 | 42.00 | WARN | |||
r-oldrel-windows-ix86+x86_64 | 0.4-1 | 46.00 | 52.00 | 98.00 | OK |
Version: 0.4-1
Check: whether package can be installed
Result: WARN
Found the following significant warnings:
Warning: control reaches end of non-void function [-Wreturn-type]
Flavors: r-release-macos-x86_64, r-oldrel-macos-x86_64