CRAN Package Check Results for Package fastnet

Last updated on 2024-02-22 19:55:32 CET.

Flavor Version Tinstall Tcheck Ttotal Status Flags
r-devel-linux-x86_64-debian-clang 1.0.0 NOTE
r-devel-linux-x86_64-debian-gcc 1.0.0 4.42 34.44 38.86 NOTE
r-devel-linux-x86_64-fedora-clang 1.0.0 63.77 NOTE
r-devel-linux-x86_64-fedora-gcc 1.0.0 60.62 NOTE
r-devel-windows-x86_64 1.0.0 6.00 61.00 67.00 NOTE
r-patched-linux-x86_64 1.0.0 4.27 45.02 49.29 NOTE
r-release-linux-x86_64 1.0.0 3.75 44.78 48.53 NOTE
r-release-macos-arm64 1.0.0 24.00 NOTE
r-release-macos-x86_64 1.0.0 34.00 NOTE
r-release-windows-x86_64 1.0.0 8.00 66.00 74.00 NOTE
r-oldrel-macos-arm64 1.0.0 22.00 NOTE
r-oldrel-windows-x86_64 1.0.0 7.00 64.00 71.00 NOTE

Check Details

Version: 1.0.0
Check: LazyData
Result: NOTE 'LazyData' is specified without a 'data' directory Flavors: r-devel-linux-x86_64-debian-clang, r-devel-linux-x86_64-debian-gcc, r-devel-linux-x86_64-fedora-clang, r-devel-linux-x86_64-fedora-gcc, r-devel-windows-x86_64, r-patched-linux-x86_64, r-release-linux-x86_64, r-release-macos-arm64, r-release-macos-x86_64, r-release-windows-x86_64, r-oldrel-macos-arm64, r-oldrel-windows-x86_64