Last updated on 2023-12-07 19:58:27 CET.
Flavor | Version | Tinstall | Tcheck | Ttotal | Status | Flags |
---|---|---|---|---|---|---|
r-devel-linux-x86_64-debian-clang | 0.5.1 | 38.86 | 82.83 | 121.69 | NOTE | |
r-devel-linux-x86_64-debian-gcc | 0.5.1 | 24.33 | 63.36 | 87.69 | NOTE | |
r-devel-linux-x86_64-fedora-clang | 0.5.1 | 156.62 | NOTE | |||
r-devel-linux-x86_64-fedora-gcc | 0.5.1 | 156.39 | NOTE | |||
r-devel-windows-x86_64 | 0.5.1 | 29.00 | 102.00 | 131.00 | NOTE | |
r-patched-linux-x86_64 | 0.5.1 | 31.34 | 83.58 | 114.92 | NOTE | |
r-release-linux-x86_64 | 0.5.1 | 29.03 | 82.69 | 111.72 | NOTE | |
r-release-macos-arm64 | 0.5.1 | 46.00 | NOTE | |||
r-release-macos-x86_64 | 0.5.1 | 72.00 | NOTE | |||
r-release-windows-x86_64 | 0.5.1 | 36.00 | 118.00 | 154.00 | NOTE | |
r-oldrel-macos-arm64 | 0.5.1 | 51.00 | OK | |||
r-oldrel-macos-x86_64 | 0.5.1 | 61.00 | OK | |||
r-oldrel-windows-x86_64 | 0.5.1 | 34.00 | 119.00 | 153.00 | OK |
Version: 0.5.1
Check: C++ specification
Result: NOTE
Specified C++11: please drop specification unless essential
Flavors: r-devel-linux-x86_64-debian-clang, r-devel-linux-x86_64-debian-gcc, r-devel-linux-x86_64-fedora-clang, r-devel-linux-x86_64-fedora-gcc, r-devel-windows-x86_64, r-patched-linux-x86_64, r-release-linux-x86_64, r-release-macos-arm64, r-release-macos-x86_64, r-release-windows-x86_64