CRAN Package Check Results for Package fastpos

Last updated on 2023-01-29 19:54:03 CET.

Flavor Version Tinstall Tcheck Ttotal Status Flags
r-devel-linux-x86_64-debian-clang 0.5.1 34.72 82.47 117.19 OK
r-devel-linux-x86_64-debian-gcc 0.5.1 24.24 63.87 88.11 NOTE
r-devel-linux-x86_64-fedora-clang 0.5.1 159.99 OK
r-devel-linux-x86_64-fedora-gcc 0.5.1 155.58 NOTE
r-devel-windows-x86_64 0.5.1 37.00 142.00 179.00 NOTE
r-patched-linux-x86_64 0.5.1 28.88 85.74 114.62 OK
r-release-linux-x86_64 0.5.1 28.22 85.53 113.75 OK
r-release-macos-arm64 0.5.1 51.00 OK
r-release-macos-x86_64 0.5.1 61.00 OK
r-release-windows-x86_64 0.5.1 40.00 135.00 175.00 OK
r-oldrel-macos-arm64 0.5.1 43.00 OK
r-oldrel-macos-x86_64 0.5.1 63.00 OK
r-oldrel-windows-ix86+x86_64 0.5.1 86.00 190.00 276.00 OK

Check Details

Version: 0.5.1
Check: C++ specification
Result: NOTE
     Specified C++11: please update to current default of C++17
Flavors: r-devel-linux-x86_64-debian-gcc, r-devel-linux-x86_64-fedora-gcc, r-devel-windows-x86_64