CRAN Package Check Results for Package fastrmodels

Last updated on 2022-09-25 21:54:49 CEST.

Flavor Version Tinstall Tcheck Ttotal Status Flags
r-devel-linux-x86_64-debian-clang 1.0.2 52.05 83.84 135.89 OK
r-devel-linux-x86_64-debian-gcc 1.0.2 48.22 63.96 112.18 OK
r-devel-linux-x86_64-fedora-clang 1.0.2 188.10 NOTE
r-devel-linux-x86_64-fedora-gcc 1.0.2 193.91 OK
r-devel-windows-x86_64 1.0.2 64.00 100.00 164.00 NOTE
r-patched-linux-x86_64 1.0.2 53.86 78.93 132.79 OK
r-release-linux-x86_64 1.0.2 46.72 81.65 128.37 OK
r-release-macos-arm64 1.0.2 70.00 NOTE
r-release-macos-x86_64 1.0.2 85.00 NOTE
r-release-windows-x86_64 1.0.2 55.00 105.00 160.00 NOTE
r-oldrel-macos-arm64 1.0.2 93.00 NOTE
r-oldrel-macos-x86_64 1.0.2 122.00 NOTE
r-oldrel-windows-ix86+x86_64 1.0.2 74.00 102.00 176.00 NOTE

Check Details

Version: 1.0.2
Check: installed package size
Result: NOTE
     installed size is 15.8Mb
     sub-directories of 1Mb or more:
     data 15.7Mb
Flavors: r-devel-linux-x86_64-fedora-clang, r-devel-windows-x86_64, r-release-macos-arm64, r-release-macos-x86_64, r-release-windows-x86_64, r-oldrel-macos-arm64, r-oldrel-macos-x86_64, r-oldrel-windows-ix86+x86_64