CRAN Package Check Results for Package faux

Last updated on 2023-02-06 19:54:21 CET.

Flavor Version Tinstall Tcheck Ttotal Status Flags
r-devel-linux-x86_64-debian-clang 1.1.0 14.65 187.66 202.31 ERROR
r-devel-linux-x86_64-debian-gcc 1.1.0 10.88 135.94 146.82 ERROR
r-devel-linux-x86_64-fedora-clang 1.2.0 263.14 OK
r-devel-linux-x86_64-fedora-gcc 1.2.0 264.27 OK
r-devel-windows-x86_64 1.1.0 62.00 258.00 320.00 ERROR
r-patched-linux-x86_64 1.1.0 11.32 174.60 185.92 ERROR
r-release-linux-x86_64 1.1.0 10.75 158.59 169.34 ERROR
r-release-macos-arm64 1.1.0 80.00 OK
r-release-macos-x86_64 1.1.0 113.00 OK
r-release-windows-x86_64 1.1.0 69.00 263.00 332.00 ERROR
r-oldrel-macos-arm64 1.1.0 62.00 OK
r-oldrel-macos-x86_64 1.1.0 93.00 OK
r-oldrel-windows-ix86+x86_64 1.1.0 30.00 228.00 258.00 WARN

Additional issues

M1mac noLD

Check Details

Version: 1.1.0
Check: re-building of vignette outputs
Result: ERROR
    Error(s) in re-building vignettes:
     ...
    --- re-building ‘codebook.Rmd’ using rmarkdown
    --- finished re-building ‘codebook.Rmd’
    
    --- re-building ‘continuous.Rmd’ using rmarkdown
    Quitting from lines 95-99 (continuous.Rmd)
    Error: processing vignette ‘continuous.Rmd’ failed with diagnostics:
    Arguments in `...` must be used.
    ✖ Problematic arguments:
    • ..1 = "var"
    • ..2 = "value"
    --- failed re-building ‘continuous.Rmd’
    
    --- re-building ‘contrasts.Rmd’ using rmarkdown
    --- finished re-building ‘contrasts.Rmd’
    
    --- re-building ‘rnorm_multi.Rmd’ using rmarkdown
    --- finished re-building ‘rnorm_multi.Rmd’
    
    --- re-building ‘sim_design.Rmd’ using rmarkdown
    --- finished re-building ‘sim_design.Rmd’
    
    --- re-building ‘sim_df.Rmd’ using rmarkdown
    --- finished re-building ‘sim_df.Rmd’
    
    SUMMARY: processing the following file failed:
     ‘continuous.Rmd’
    
    Error: Vignette re-building failed.
    Execution halted
Flavors: r-devel-linux-x86_64-debian-clang, r-devel-linux-x86_64-debian-gcc, r-patched-linux-x86_64, r-release-linux-x86_64

Version: 1.1.0
Check: re-building of vignette outputs
Result: ERROR
    Error(s) in re-building vignettes:
    --- re-building 'codebook.Rmd' using rmarkdown
    --- finished re-building 'codebook.Rmd'
    
    --- re-building 'continuous.Rmd' using rmarkdown
    Quitting from lines 95-99 (continuous.Rmd)
    Error: processing vignette 'continuous.Rmd' failed with diagnostics:
    Arguments in `...` must be used.
    ✖ Problematic arguments:
    • ..1 = "var"
    • ..2 = "value"
    --- failed re-building 'continuous.Rmd'
    
    --- re-building 'contrasts.Rmd' using rmarkdown
    --- finished re-building 'contrasts.Rmd'
    
    --- re-building 'rnorm_multi.Rmd' using rmarkdown
    --- finished re-building 'rnorm_multi.Rmd'
    
    --- re-building 'sim_design.Rmd' using rmarkdown
    --- finished re-building 'sim_design.Rmd'
    
    --- re-building 'sim_df.Rmd' using rmarkdown
    --- finished re-building 'sim_df.Rmd'
    
    SUMMARY: processing the following file failed:
     'continuous.Rmd'
    
    Error: Vignette re-building failed.
    Execution halted
Flavors: r-devel-windows-x86_64, r-release-windows-x86_64

Version: 1.1.0
Check: re-building of vignette outputs
Result: WARN
    Error(s) in re-building vignettes:
    --- re-building 'codebook.Rmd' using rmarkdown
    --- finished re-building 'codebook.Rmd'
    
    --- re-building 'continuous.Rmd' using rmarkdown
    Quitting from lines 95-99 (continuous.Rmd)
    Error: processing vignette 'continuous.Rmd' failed with diagnostics:
    Arguments in `...` must be used.
    x Problematic arguments:
    * ..1 = "var"
    * ..2 = "value"
    --- failed re-building 'continuous.Rmd'
    
    --- re-building 'contrasts.Rmd' using rmarkdown
    --- finished re-building 'contrasts.Rmd'
    
    --- re-building 'rnorm_multi.Rmd' using rmarkdown
    --- finished re-building 'rnorm_multi.Rmd'
    
    --- re-building 'sim_design.Rmd' using rmarkdown
    --- finished re-building 'sim_design.Rmd'
    
    --- re-building 'sim_df.Rmd' using rmarkdown
    --- finished re-building 'sim_df.Rmd'
    
    SUMMARY: processing the following file failed:
     'continuous.Rmd'
    
    Error: Vignette re-building failed.
    Execution halted
Flavor: r-oldrel-windows-ix86+x86_64