Last updated on 2025-01-25 19:48:43 CET.
Flavor | Version | Tinstall | Tcheck | Ttotal | Status | Flags |
---|---|---|---|---|---|---|
r-devel-linux-x86_64-debian-clang | 0.4.1 | 198.86 | 348.05 | 546.91 | NOTE | |
r-devel-linux-x86_64-debian-gcc | 0.4.1 | 129.71 | 229.69 | 359.40 | NOTE | |
r-devel-linux-x86_64-fedora-clang | 0.4.1 | 1062.65 | OK | |||
r-devel-linux-x86_64-fedora-gcc | 0.4.1 | 1006.67 | NOTE | |||
r-devel-windows-x86_64 | 0.4.1 | 197.00 | 500.00 | 697.00 | OK | |
r-patched-linux-x86_64 | 0.4.1 | 182.81 | 320.35 | 503.16 | OK | |
r-release-linux-x86_64 | 0.4.1 | 180.50 | 319.36 | 499.86 | OK | |
r-release-macos-arm64 | 0.4.1 | 146.00 | NOTE | |||
r-release-macos-x86_64 | 0.4.1 | 242.00 | NOTE | |||
r-release-windows-x86_64 | 0.4.1 | 194.00 | 478.00 | 672.00 | NOTE | |
r-oldrel-macos-arm64 | 0.4.1 | 202.00 | NOTE | |||
r-oldrel-macos-x86_64 | 0.4.1 | 326.00 | NOTE | |||
r-oldrel-windows-x86_64 | 0.4.1 | 244.00 | 627.00 | 871.00 | NOTE |
Version: 0.4.1
Check: DESCRIPTION meta-information
Result: NOTE
Missing dependency on R >= 4.1.0 because package code uses the pipe
|> or function shorthand \(...) syntax added in R 4.1.0.
File(s) using such syntax:
‘caps-diagnostic.R’ ‘caps-plot.R’ ‘compare-caps.R’ ‘fdadbscan.R’
‘fdadist.R’ ‘fdahclust.R’ ‘fdakmeans.R’ ‘utils.R’
Flavors: r-devel-linux-x86_64-debian-clang, r-devel-linux-x86_64-debian-gcc, r-devel-linux-x86_64-fedora-gcc
Version: 0.4.1
Check: installed package size
Result: NOTE
installed size is 14.9Mb
sub-directories of 1Mb or more:
R 1.9Mb
doc 1.5Mb
help 2.1Mb
libs 8.9Mb
Flavors: r-release-macos-arm64, r-release-macos-x86_64, r-release-windows-x86_64, r-oldrel-macos-arm64, r-oldrel-macos-x86_64, r-oldrel-windows-x86_64