Last updated on 2023-03-27 20:52:14 CEST.
Flavor | Version | Tinstall | Tcheck | Ttotal | Status | Flags |
---|---|---|---|---|---|---|
r-devel-linux-x86_64-debian-clang | 0.5.9 | 343.24 | 219.58 | 562.82 | OK | |
r-devel-linux-x86_64-debian-gcc | 0.5.9 | 258.59 | 174.19 | 432.78 | OK | |
r-devel-linux-x86_64-fedora-clang | 0.5.9 | 735.06 | OK | |||
r-devel-linux-x86_64-fedora-gcc | 0.5.9 | 714.84 | OK | |||
r-devel-windows-x86_64 | 0.5.9 | 288.00 | 297.00 | 585.00 | OK | |
r-patched-linux-x86_64 | 0.5.9 | 267.95 | 227.62 | 495.57 | OK | |
r-release-linux-x86_64 | 0.5.9 | 201.26 | 215.68 | 416.94 | OK | |
r-release-macos-arm64 | 0.5.9 | 138.00 | NOTE | |||
r-release-macos-x86_64 | 0.5.9 | 231.00 | NOTE | |||
r-release-windows-x86_64 | 0.5.9 | 260.00 | 282.00 | 542.00 | OK | |
r-oldrel-macos-arm64 | 0.5.9 | 141.00 | NOTE | |||
r-oldrel-macos-x86_64 | 0.5.9 | 233.00 | NOTE | |||
r-oldrel-windows-ix86+x86_64 | 0.5.9 | 675.00 | 340.00 | 1015.00 | OK |
Version: 0.5.9
Check: installed package size
Result: NOTE
installed size is 40.2Mb
sub-directories of 1Mb or more:
libs 38.4Mb
Flavors: r-release-macos-arm64, r-release-macos-x86_64, r-oldrel-macos-arm64, r-oldrel-macos-x86_64