Last updated on 2025-01-25 19:48:43 CET.
Flavor | Version | Tinstall | Tcheck | Ttotal | Status | Flags |
---|---|---|---|---|---|---|
r-devel-linux-x86_64-debian-clang | 2.3.4 | 77.91 | 166.71 | 244.62 | OK | |
r-devel-linux-x86_64-debian-gcc | 2.3.4 | 55.13 | 106.41 | 161.54 | OK | |
r-devel-linux-x86_64-fedora-clang | 2.3.4 | 437.59 | OK | |||
r-devel-linux-x86_64-fedora-gcc | 2.3.4 | 426.92 | OK | |||
r-devel-windows-x86_64 | 2.3.4 | 76.00 | 197.00 | 273.00 | OK | |
r-patched-linux-x86_64 | 2.3.4 | 80.68 | 160.49 | 241.17 | OK | |
r-release-linux-x86_64 | 2.3.4 | 68.09 | 159.47 | 227.56 | OK | |
r-release-macos-arm64 | 2.3.4 | 97.00 | NOTE | |||
r-release-macos-x86_64 | 2.3.4 | 149.00 | NOTE | |||
r-release-windows-x86_64 | 2.3.4 | 81.00 | 200.00 | 281.00 | NOTE | |
r-oldrel-macos-arm64 | 2.3.4 | 100.00 | NOTE | |||
r-oldrel-macos-x86_64 | 2.3.4 | 178.00 | NOTE | |||
r-oldrel-windows-x86_64 | 2.3.4 | 100.00 | 250.00 | 350.00 | NOTE |
Version: 2.3.4
Check: installed package size
Result: NOTE
installed size is 8.3Mb
sub-directories of 1Mb or more:
data 2.3Mb
libs 4.5Mb
Flavors: r-release-macos-arm64, r-release-macos-x86_64, r-release-windows-x86_64, r-oldrel-macos-arm64, r-oldrel-macos-x86_64, r-oldrel-windows-x86_64