CRAN Package Check Results for Package fdm2id

Last updated on 2024-03-04 19:54:12 CET.

Flavor Version Tinstall Tcheck Ttotal Status Flags
r-devel-linux-x86_64-debian-clang 0.9.9 22.04 201.31 223.35 OK
r-devel-linux-x86_64-debian-gcc 0.9.9 18.55 153.67 172.22 OK
r-devel-linux-x86_64-fedora-clang 0.9.9 283.72 NOTE
r-devel-linux-x86_64-fedora-gcc 0.9.9 271.49 NOTE
r-devel-windows-x86_64 0.9.9 21.00 210.00 231.00 OK
r-patched-linux-x86_64 0.9.9 23.77 203.10 226.87 OK
r-release-linux-x86_64 0.9.9 17.91 180.91 198.82 OK
r-release-macos-arm64 0.9.9 79.00 OK
r-release-macos-x86_64 0.9.9 156.00 OK
r-release-windows-x86_64 0.9.9 31.00 263.00 294.00 OK
r-oldrel-macos-arm64 0.9.9 88.00 OK
r-oldrel-windows-x86_64 0.9.9 28.00 232.00 260.00 OK

Check Details

Version: 0.9.9
Check: data for non-ASCII characters
Result: NOTE Note: found 3 marked Latin-1 strings Note: found 3 marked UTF-8 strings Flavors: r-devel-linux-x86_64-fedora-clang, r-devel-linux-x86_64-fedora-gcc