CRAN Package Check Results for Package fdq

Last updated on 2025-01-25 19:48:43 CET.

Flavor Version Tinstall Tcheck Ttotal Status Flags
r-devel-linux-x86_64-debian-clang 0.12 8.21 58.94 67.15 OK
r-devel-linux-x86_64-debian-gcc 0.12 6.39 43.89 50.28 OK
r-devel-linux-x86_64-fedora-clang 0.12 108.62 NOTE
r-devel-linux-x86_64-fedora-gcc 0.12 100.93 NOTE
r-devel-windows-x86_64 0.12 9.00 74.00 83.00 OK
r-patched-linux-x86_64 0.12 7.05 54.13 61.18 NOTE
r-release-linux-x86_64 0.12 7.51 53.84 61.35 NOTE
r-release-macos-arm64 0.12 48.00 NOTE
r-release-macos-x86_64 0.12 56.00 NOTE
r-release-windows-x86_64 0.12 7.00 73.00 80.00 NOTE
r-oldrel-macos-arm64 0.12 35.00 NOTE
r-oldrel-macos-x86_64 0.12 59.00 NOTE
r-oldrel-windows-x86_64 0.12 9.00 82.00 91.00 NOTE

Check Details

Version: 0.12
Check: dependencies in R code
Result: NOTE Namespaces in Imports field not imported from: ‘data.table’ ‘ggplot2’ ‘randomcoloR’ ‘sqldf’ All declared Imports should be used. Flavors: r-devel-linux-x86_64-fedora-clang, r-devel-linux-x86_64-fedora-gcc

Version: 0.12
Check: LazyData
Result: NOTE 'LazyData' is specified without a 'data' directory Flavors: r-patched-linux-x86_64, r-release-linux-x86_64, r-release-macos-arm64, r-release-macos-x86_64, r-release-windows-x86_64, r-oldrel-macos-arm64, r-oldrel-macos-x86_64, r-oldrel-windows-x86_64