CRAN Package Check Results for Package fdq

Last updated on 2024-06-13 21:49:13 CEST.

Flavor Version Tinstall Tcheck Ttotal Status Flags
r-devel-linux-x86_64-debian-clang 0.12 11.20 77.83 89.03 NOTE
r-devel-linux-x86_64-debian-gcc 0.12 0.32 1.62 1.94 ERROR
r-devel-linux-x86_64-fedora-clang 0.12 110.71 NOTE
r-devel-linux-x86_64-fedora-gcc 0.12 101.92 NOTE
r-devel-windows-x86_64 0.12 8.00 73.00 81.00 NOTE
r-patched-linux-x86_64 0.12 9.65 73.77 83.42 NOTE
r-release-linux-x86_64 0.12 9.24 75.75 84.99 NOTE
r-release-macos-arm64 0.12 48.00 NOTE
r-release-macos-x86_64 0.12 56.00 NOTE
r-release-windows-x86_64 0.12 9.00 73.00 82.00 NOTE
r-oldrel-macos-arm64 0.12 35.00 NOTE
r-oldrel-macos-x86_64 0.12 59.00 NOTE
r-oldrel-windows-x86_64 0.12 9.00 85.00 94.00 NOTE

Check Details

Version: 0.12
Check: LazyData
Result: NOTE 'LazyData' is specified without a 'data' directory Flavors: r-devel-linux-x86_64-debian-clang, r-devel-linux-x86_64-fedora-clang, r-devel-linux-x86_64-fedora-gcc, r-devel-windows-x86_64, r-patched-linux-x86_64, r-release-linux-x86_64, r-release-macos-arm64, r-release-macos-x86_64, r-release-windows-x86_64, r-oldrel-macos-arm64, r-oldrel-macos-x86_64, r-oldrel-windows-x86_64

Version: 0.12
Check: package dependencies
Result: ERROR Packages required but not available: 'Fgmutils', 'sqldf', 'randomcoloR', 'ggplot2' See section ‘The DESCRIPTION file’ in the ‘Writing R Extensions’ manual. Flavor: r-devel-linux-x86_64-debian-gcc

Version: 0.12
Check: dependencies in R code
Result: NOTE Namespaces in Imports field not imported from: ‘data.table’ ‘ggplot2’ ‘randomcoloR’ ‘sqldf’ All declared Imports should be used. Flavors: r-devel-linux-x86_64-fedora-clang, r-devel-linux-x86_64-fedora-gcc