CRAN Package Check Results for Package fdrci

Last updated on 2024-02-22 19:55:32 CET.

Flavor Version Tinstall Tcheck Ttotal Status Flags
r-devel-linux-x86_64-debian-clang 2.4 OK
r-devel-linux-x86_64-debian-gcc 2.4 4.50 42.23 46.73 OK
r-devel-linux-x86_64-fedora-clang 2.4 76.52 OK
r-devel-linux-x86_64-fedora-gcc 2.4 84.73 OK
r-devel-windows-x86_64 2.4 7.00 62.00 69.00 OK
r-patched-linux-x86_64 2.4 5.47 54.72 60.19 OK
r-release-linux-x86_64 2.4 5.75 54.25 60.00 OK
r-release-macos-arm64 2.4 37.00 NOTE
r-release-macos-x86_64 2.4 48.00 OK
r-release-windows-x86_64 2.4 9.00 71.00 80.00 OK
r-oldrel-macos-arm64 2.4 30.00 OK
r-oldrel-windows-x86_64 2.4 9.00 74.00 83.00 OK

Check Details

Version: 2.4
Check: package dependencies
Result: NOTE Package suggested but not available for checking: ‘GEOquery’ Flavor: r-release-macos-arm64