Last updated on 2023-02-05 19:51:13 CET.
Flavor | Version | Tinstall | Tcheck | Ttotal | Status | Flags |
---|---|---|---|---|---|---|
r-devel-linux-x86_64-debian-clang | 0.4.4 | 17.72 | 150.83 | 168.55 | NOTE | |
r-devel-linux-x86_64-debian-gcc | 0.4.4 | 14.20 | 111.97 | 126.17 | NOTE | |
r-devel-linux-x86_64-fedora-clang | 0.4.4 | 221.87 | NOTE | |||
r-devel-linux-x86_64-fedora-gcc | 0.4.4 | 206.79 | NOTE | |||
r-devel-windows-x86_64 | 0.4.4 | 770.00 | 308.00 | 1078.00 | NOTE | |
r-patched-linux-x86_64 | 0.4.4 | 11.22 | 147.12 | 158.34 | NOTE | |
r-release-linux-x86_64 | 0.4.4 | 12.91 | 150.39 | 163.30 | NOTE | |
r-release-macos-arm64 | 0.4.4 | 58.00 | NOTE | |||
r-release-macos-x86_64 | 0.4.4 | 103.00 | NOTE | |||
r-release-windows-x86_64 | 0.4.4 | 873.00 | 315.00 | 1188.00 | NOTE | |
r-oldrel-macos-arm64 | 0.4.4 | 67.00 | NOTE | |||
r-oldrel-macos-x86_64 | 0.4.4 | 97.00 | NOTE | |||
r-oldrel-windows-ix86+x86_64 | 0.4.4 | 37.00 | 251.00 | 288.00 | NOTE |
Version: 0.4.4
Check: LazyData
Result: NOTE
'LazyData' is specified without a 'data' directory
Flavors: r-devel-linux-x86_64-debian-clang, r-devel-linux-x86_64-debian-gcc, r-devel-linux-x86_64-fedora-clang, r-devel-linux-x86_64-fedora-gcc, r-devel-windows-x86_64, r-patched-linux-x86_64, r-release-linux-x86_64, r-release-macos-arm64, r-release-macos-x86_64, r-release-windows-x86_64, r-oldrel-macos-arm64, r-oldrel-macos-x86_64, r-oldrel-windows-ix86+x86_64
Version: 0.4.4
Check: dependencies in R code
Result: NOTE
Namespaces in Imports field not imported from:
‘magrittr’ ‘testthat’
All declared Imports should be used.
Flavors: r-devel-linux-x86_64-fedora-clang, r-devel-linux-x86_64-fedora-gcc, r-release-macos-arm64, r-release-macos-x86_64, r-oldrel-macos-arm64, r-oldrel-macos-x86_64