CRAN Package Check Results for Package ffp

Last updated on 2021-12-08 19:51:31 CET.

Flavor Version Tinstall Tcheck Ttotal Status Flags
r-devel-linux-x86_64-debian-clang 0.1.0 6.55 100.69 107.24 OK
r-devel-linux-x86_64-debian-gcc 0.1.0 5.46 71.87 77.33 OK
r-devel-linux-x86_64-fedora-clang 0.1.0 123.54 NOTE
r-devel-linux-x86_64-fedora-gcc 0.1.0 112.57 NOTE
r-devel-windows-x86_64-new-UL 0.1.0 17.00 134.00 151.00 OK
r-devel-windows-x86_64-new-TK 0.1.0 NOTE
r-devel-windows-x86_64-old 0.1.0 12.00 119.00 131.00 OK
r-patched-linux-x86_64 0.1.0 5.54 91.32 96.86 OK
r-release-linux-x86_64 0.1.0 6.24 91.75 97.99 OK
r-release-macos-arm64 0.1.0 NOTE
r-release-macos-x86_64 0.1.0 NOTE
r-release-windows-ix86+x86_64 0.1.0 12.00 99.00 111.00 OK
r-oldrel-macos-x86_64 0.1.0 NOTE
r-oldrel-windows-ix86+x86_64 0.1.0 16.00 121.00 137.00 OK

Check Details

Version: 0.1.0
Check: dependencies in R code
Result: NOTE
    Namespaces in Imports field not imported from:
     ‘NlcOptim’ ‘usethis’ ‘xts’
     All declared Imports should be used.
Flavors: r-devel-linux-x86_64-fedora-clang, r-devel-linux-x86_64-fedora-gcc, r-devel-windows-x86_64-new-TK, r-release-macos-arm64, r-release-macos-x86_64, r-oldrel-macos-x86_64