CRAN Package Check Results for Package fgeo.analyze

Last updated on 2022-01-23 19:48:29 CET.

Flavor Version Tinstall Tcheck Ttotal Status Flags
r-devel-linux-x86_64-debian-clang 1.1.14 6.31 120.18 126.49 NOTE
r-devel-linux-x86_64-debian-gcc 1.1.14 4.97 95.44 100.41 NOTE
r-devel-linux-x86_64-fedora-clang 1.1.14 147.97 NOTE
r-devel-linux-x86_64-fedora-gcc 1.1.14 132.54 NOTE
r-devel-windows-x86_64-new-UL 1.1.14 144.00 142.00 286.00 NOTE
r-devel-windows-x86_64-new-TK 1.1.14 NOTE
r-patched-linux-x86_64 1.1.14 11.65 112.24 123.89 NOTE
r-release-linux-x86_64 1.1.14 4.43 112.50 116.93 NOTE
r-release-macos-arm64 1.1.14 NOTE
r-release-macos-x86_64 1.1.14 NOTE
r-release-windows-ix86+x86_64 1.1.14 14.00 131.00 145.00 NOTE
r-oldrel-macos-x86_64 1.1.14 OK
r-oldrel-windows-ix86+x86_64 1.1.14 14.00 137.00 151.00 OK

Check Details

Version: 1.1.14
Check: LazyData
Result: NOTE
     'LazyData' is specified without a 'data' directory
Flavors: r-devel-linux-x86_64-debian-clang, r-devel-linux-x86_64-debian-gcc, r-devel-linux-x86_64-fedora-clang, r-devel-linux-x86_64-fedora-gcc, r-devel-windows-x86_64-new-UL, r-devel-windows-x86_64-new-TK, r-patched-linux-x86_64, r-release-linux-x86_64, r-release-macos-arm64, r-release-macos-x86_64, r-release-windows-ix86+x86_64