Last updated on 2023-02-07 19:58:09 CET.
Flavor | Version | Tinstall | Tcheck | Ttotal | Status | Flags |
---|---|---|---|---|---|---|
r-devel-linux-x86_64-debian-clang | 1.0 | 12.10 | 105.86 | 117.96 | NOTE | |
r-devel-linux-x86_64-debian-gcc | 1.0 | 10.51 | 78.88 | 89.39 | NOTE | |
r-devel-linux-x86_64-fedora-clang | 1.0 | 150.57 | NOTE | |||
r-devel-linux-x86_64-fedora-gcc | 1.0 | 142.80 | NOTE | |||
r-devel-windows-x86_64 | 1.0 | 19.00 | 133.00 | 152.00 | NOTE | |
r-patched-linux-x86_64 | 1.0 | 12.36 | 100.76 | 113.12 | NOTE | |
r-release-linux-x86_64 | 1.0 | 10.72 | 103.00 | 113.72 | NOTE | |
r-release-macos-arm64 | 1.0 | 43.00 | NOTE | |||
r-release-macos-x86_64 | 1.0 | 73.00 | NOTE | |||
r-release-windows-x86_64 | 1.0 | 21.00 | 143.00 | 164.00 | NOTE | |
r-oldrel-macos-arm64 | 1.0 | 48.00 | NOTE | |||
r-oldrel-macos-x86_64 | 1.0 | 72.00 | NOTE | |||
r-oldrel-windows-ix86+x86_64 | 1.0 | 32.00 | 127.00 | 159.00 | NOTE |
Version: 1.0
Check: LazyData
Result: NOTE
'LazyData' is specified without a 'data' directory
Flavors: r-devel-linux-x86_64-debian-clang, r-devel-linux-x86_64-debian-gcc, r-devel-linux-x86_64-fedora-clang, r-devel-linux-x86_64-fedora-gcc, r-devel-windows-x86_64, r-patched-linux-x86_64, r-release-linux-x86_64, r-release-macos-arm64, r-release-macos-x86_64, r-release-windows-x86_64, r-oldrel-macos-arm64, r-oldrel-macos-x86_64, r-oldrel-windows-ix86+x86_64