CRAN Package Check Results for Package fhidata

Last updated on 2021-01-23 19:47:35 CET.

Flavor Version Tinstall Tcheck Ttotal Status Flags
r-devel-linux-x86_64-debian-clang 2019.8.27 14.36 59.48 73.84 NOTE
r-devel-linux-x86_64-debian-gcc 2019.8.27 12.20 46.39 58.59 NOTE
r-devel-linux-x86_64-fedora-clang 2019.8.27 100.73 NOTE
r-devel-linux-x86_64-fedora-gcc 2019.8.27 88.22 NOTE
r-devel-windows-ix86+x86_64 2019.8.27 24.00 78.00 102.00 NOTE
r-patched-linux-x86_64 2019.8.27 13.52 55.88 69.40 NOTE
r-patched-solaris-x86 2019.8.27 148.00 NOTE
r-release-linux-x86_64 2019.8.27 11.76 55.80 67.56 NOTE
r-release-macos-x86_64 2019.8.27 NOTE
r-release-windows-ix86+x86_64 2019.8.27 18.00 83.00 101.00 NOTE
r-oldrel-macos-x86_64 2019.8.27 NOTE
r-oldrel-windows-ix86+x86_64 2019.8.27 18.00 79.00 97.00 NOTE

Check Details

Version: 2019.8.27
Check: package dependencies
Result: NOTE
    Package suggested but not available for checking: 'SDMTools'
Flavors: r-devel-linux-x86_64-debian-clang, r-devel-linux-x86_64-debian-gcc, r-devel-linux-x86_64-fedora-clang, r-devel-linux-x86_64-fedora-gcc, r-patched-linux-x86_64, r-patched-solaris-x86, r-release-linux-x86_64, r-release-macos-x86_64

Version: 2019.8.27
Check: installed package size
Result: NOTE
     installed size is 6.7Mb
     sub-directories of 1Mb or more:
     data 6.3Mb
Flavors: r-devel-linux-x86_64-fedora-clang, r-devel-windows-ix86+x86_64, r-patched-solaris-x86, r-release-macos-x86_64, r-release-windows-ix86+x86_64, r-oldrel-macos-x86_64, r-oldrel-windows-ix86+x86_64

Version: 2019.8.27
Check: data for non-ASCII characters
Result: NOTE
     Note: found 5077 marked UTF-8 strings
Flavors: r-devel-linux-x86_64-fedora-clang, r-devel-linux-x86_64-fedora-gcc, r-patched-solaris-x86, r-release-macos-x86_64, r-oldrel-macos-x86_64