CRAN Package Check Results for Package finbif

Last updated on 2024-02-29 20:05:26 CET.

Flavor Version Tinstall Tcheck Ttotal Status Flags
r-devel-linux-x86_64-debian-clang 0.9.4 7.62 79.14 86.76 OK
r-devel-linux-x86_64-debian-gcc 0.9.4 6.76 60.12 66.88 OK
r-devel-linux-x86_64-fedora-clang 0.9.4 110.10 NOTE
r-devel-linux-x86_64-fedora-gcc 0.9.4 114.42 OK
r-devel-windows-x86_64 0.9.4 8.00 87.00 95.00 OK
r-patched-linux-x86_64 0.9.4 11.05 76.15 87.20 OK
r-release-linux-x86_64 0.9.4 9.35 76.46 85.81 OK
r-release-macos-arm64 0.9.4 52.00 OK
r-release-macos-x86_64 0.9.4 99.00 OK
r-release-windows-x86_64 0.9.4 11.00 94.00 105.00 OK
r-oldrel-macos-arm64 0.9.4 44.00 OK
r-oldrel-windows-x86_64 0.9.4 12.00 95.00 107.00 OK

Check Details

Version: 0.9.4
Check: Rd cross-references
Result: NOTE Undeclared package ‘lubridate’ in Rd xrefs Flavor: r-devel-linux-x86_64-fedora-clang