CRAN Package Check Results for Package fishtree

Last updated on 2024-06-21 21:51:56 CEST.

Flavor Version Tinstall Tcheck Ttotal Status Flags
r-devel-linux-x86_64-debian-clang 0.3.4 2.85 42.33 45.18 NOTE
r-devel-linux-x86_64-debian-gcc 0.3.4 2.21 32.52 34.73 NOTE
r-devel-linux-x86_64-fedora-clang 0.3.4 60.83 NOTE
r-devel-linux-x86_64-fedora-gcc 0.3.4 70.38 NOTE
r-devel-windows-x86_64 0.3.4 4.00 63.00 67.00 NOTE
r-patched-linux-x86_64 0.3.4 3.26 40.28 43.54 NOTE
r-release-linux-x86_64 0.3.4 2.42 40.99 43.41 NOTE
r-release-macos-arm64 0.3.4 29.00 NOTE
r-release-macos-x86_64 0.3.4 50.00 NOTE
r-release-windows-x86_64 0.3.4 4.00 55.00 59.00 NOTE
r-oldrel-macos-arm64 0.3.4 29.00 NOTE
r-oldrel-macos-x86_64 0.3.4 47.00 NOTE
r-oldrel-windows-x86_64 0.3.4 4.00 60.00 64.00 NOTE

Check Details

Version: 0.3.4
Check: LazyData
Result: NOTE 'LazyData' is specified without a 'data' directory Flavors: r-devel-linux-x86_64-debian-clang, r-devel-linux-x86_64-debian-gcc, r-devel-linux-x86_64-fedora-clang, r-devel-linux-x86_64-fedora-gcc, r-devel-windows-x86_64, r-patched-linux-x86_64, r-release-linux-x86_64, r-release-macos-arm64, r-release-macos-x86_64, r-release-windows-x86_64, r-oldrel-macos-arm64, r-oldrel-macos-x86_64, r-oldrel-windows-x86_64