CRAN Package Check Results for Package flamingos

Last updated on 2024-02-28 19:49:35 CET.

Flavor Version Tinstall Tcheck Ttotal Status Flags
r-devel-linux-x86_64-debian-clang 0.1.0 68.00 178.33 246.33 NOTE
r-devel-linux-x86_64-debian-gcc 0.1.0 55.14 126.15 181.29 NOTE
r-devel-linux-x86_64-fedora-clang 0.1.0 321.11 NOTE
r-devel-linux-x86_64-fedora-gcc 0.1.0 332.17 NOTE
r-devel-windows-x86_64 0.1.0 55.00 174.00 229.00 NOTE
r-patched-linux-x86_64 0.1.0 73.17 168.26 241.43 NOTE
r-release-linux-x86_64 0.1.0 61.66 173.08 234.74 NOTE
r-release-macos-arm64 0.1.0 85.00 NOTE
r-release-macos-x86_64 0.1.0 176.00 NOTE
r-release-windows-x86_64 0.1.0 71.00 206.00 277.00 NOTE
r-oldrel-macos-arm64 0.1.0 74.00 NOTE
r-oldrel-windows-x86_64 0.1.0 70.00 207.00 277.00 NOTE

Check Details

Version: 0.1.0
Check: C++ specification
Result: NOTE Specified C++11: please drop specification unless essential Flavors: r-devel-linux-x86_64-debian-clang, r-devel-linux-x86_64-debian-gcc, r-devel-linux-x86_64-fedora-clang, r-devel-linux-x86_64-fedora-gcc, r-devel-windows-x86_64, r-patched-linux-x86_64, r-release-linux-x86_64, r-release-macos-arm64, r-release-macos-x86_64, r-release-windows-x86_64

Version: 0.1.0
Check: Rd files
Result: NOTE checkRd: (-1) ModelMixHMM-class.Rd:31: Lost braces; missing escapes or markup? 31 | \code{smoothed} of class {StatMixHMM}). | ^ checkRd: (-1) ModelMixHMMR-class.Rd:31: Lost braces; missing escapes or markup? 31 | \code{smoothed} of class {StatMixHMMR}). | ^ Flavors: r-devel-linux-x86_64-debian-clang, r-devel-linux-x86_64-debian-gcc, r-devel-linux-x86_64-fedora-clang, r-devel-linux-x86_64-fedora-gcc

Version: 0.1.0
Check: installed package size
Result: NOTE installed size is 5.9Mb sub-directories of 1Mb or more: doc 1.9Mb help 2.3Mb libs 1.3Mb Flavors: r-devel-windows-x86_64, r-release-macos-arm64, r-release-macos-x86_64, r-release-windows-x86_64, r-oldrel-macos-arm64, r-oldrel-windows-x86_64