CRAN Package Check Results for Package flexCWM

Last updated on 2022-01-28 19:50:55 CET.

Flavor Version Tinstall Tcheck Ttotal Status Flags
r-devel-linux-x86_64-debian-clang 1.92 17.63 146.80 164.43 OK
r-devel-linux-x86_64-debian-gcc 1.92 14.02 108.70 122.72 OK
r-devel-linux-x86_64-fedora-clang 1.92 179.20 NOTE
r-devel-linux-x86_64-fedora-gcc 1.92 173.60 OK
r-devel-windows-x86_64-new-UL 1.92 29.00 157.00 186.00 OK
r-devel-windows-x86_64-new-TK 1.92 OK
r-patched-linux-x86_64 1.92 13.49 126.94 140.43 OK
r-release-linux-x86_64 1.92 10.12 125.76 135.88 OK
r-release-macos-arm64 1.92 OK
r-release-macos-x86_64 1.92 OK
r-release-windows-ix86+x86_64 1.92 37.00 149.00 186.00 OK
r-oldrel-macos-x86_64 1.92 OK
r-oldrel-windows-ix86+x86_64 1.92 37.00 151.00 188.00 OK

Check Details

Version: 1.92
Check: Rd cross-references
Result: NOTE
    Undeclared package ‘mixture’ in Rd xrefs
Flavor: r-devel-linux-x86_64-fedora-clang