CRAN Package Check Results for Package flexclust

Last updated on 2022-12-03 19:52:50 CET.

Flavor Version Tinstall Tcheck Ttotal Status Flags
r-devel-linux-x86_64-debian-clang 1.4-1 9.74 93.46 103.20 NOTE
r-devel-linux-x86_64-debian-gcc 1.4-1 9.54 69.72 79.26 NOTE
r-devel-linux-x86_64-fedora-clang 1.4-1 140.66 NOTE
r-devel-linux-x86_64-fedora-gcc 1.4-1 140.98 NOTE
r-devel-windows-x86_64 1.4-1 97.00 126.00 223.00 NOTE
r-patched-linux-x86_64 1.4-1 12.81 85.10 97.91 OK
r-release-linux-x86_64 1.4-1 11.65 86.41 98.06 OK
r-release-macos-arm64 1.4-1 37.00 OK
r-release-macos-x86_64 1.4-1 58.00 OK
r-release-windows-x86_64 1.4-1 90.00 135.00 225.00 OK
r-oldrel-macos-arm64 1.4-1 36.00 OK
r-oldrel-macos-x86_64 1.4-1 59.00 OK
r-oldrel-windows-ix86+x86_64 1.4-1 30.00 149.00 179.00 OK

Check Details

Version: 1.4-1
Check: Rd files
Result: NOTE
    checkRd: (-1) cclust.Rd:78: Escaped LaTeX specials: \&
    checkRd: (-1) randIndex.Rd:53: Escaped LaTeX specials: \&
    checkRd: (-1) vacmot.Rd:25: Escaped LaTeX specials: \&
    checkRd: (-1) vacmot.Rd:28: Escaped LaTeX specials: \&
Flavors: r-devel-linux-x86_64-debian-clang, r-devel-linux-x86_64-debian-gcc, r-devel-linux-x86_64-fedora-clang, r-devel-linux-x86_64-fedora-gcc, r-devel-windows-x86_64