CRAN Package Check Results for Package flexdashboard

Last updated on 2021-10-15 20:48:28 CEST.

Flavor Version Tinstall Tcheck Ttotal Status Flags
r-devel-linux-x86_64-debian-clang 0.5.2 3.30 32.70 36.00 NOTE
r-devel-linux-x86_64-debian-gcc 0.5.2 2.52 25.66 28.18 NOTE
r-devel-linux-x86_64-fedora-clang 0.5.2 52.58 NOTE
r-devel-linux-x86_64-fedora-gcc 0.5.2 41.86 NOTE
r-devel-windows-x86_64 0.5.2 5.00 38.00 43.00 NOTE
r-devel-windows-x86_64-gcc10-UCRT 0.5.2 NOTE
r-patched-linux-x86_64 0.5.2 2.89 31.61 34.50 NOTE
r-patched-solaris-x86 0.5.2 66.70 NOTE
r-release-linux-x86_64 0.5.2 2.88 31.36 34.24 NOTE
r-release-macos-arm64 0.5.2 NOTE
r-release-macos-x86_64 0.5.2 NOTE
r-release-windows-ix86+x86_64 0.5.2 8.00 49.00 57.00 NOTE
r-oldrel-macos-x86_64 0.5.2 OK
r-oldrel-windows-ix86+x86_64 0.5.2 8.00 50.00 58.00 OK

Check Details

Version: 0.5.2
Check: LazyData
Result: NOTE
     'LazyData' is specified without a 'data' directory
Flavors: r-devel-linux-x86_64-debian-clang, r-devel-linux-x86_64-debian-gcc, r-devel-linux-x86_64-fedora-clang, r-devel-linux-x86_64-fedora-gcc, r-devel-windows-x86_64, r-devel-windows-x86_64-gcc10-UCRT, r-patched-linux-x86_64, r-patched-solaris-x86, r-release-linux-x86_64, r-release-macos-arm64, r-release-macos-x86_64, r-release-windows-ix86+x86_64