CRAN Package Check Results for Package flightplanning

Last updated on 2021-06-20 21:49:07 CEST.

Flavor Version Tinstall Tcheck Ttotal Status Flags
r-devel-linux-x86_64-debian-clang 0.8.4 4.37 51.13 55.50 NOTE
r-devel-linux-x86_64-debian-gcc 0.8.4 4.09 40.42 44.51 NOTE
r-devel-linux-x86_64-fedora-clang 0.8.4 78.20 NOTE
r-devel-linux-x86_64-fedora-gcc 0.8.4 67.92 NOTE
r-devel-windows-x86_64 0.8.4 7.00 66.00 73.00 NOTE
r-devel-windows-x86_64-gcc10-UCRT 0.8.4 NOTE
r-patched-linux-x86_64 0.8.4 4.57 48.84 53.41 NOTE
r-patched-solaris-x86 0.8.4 104.70 NOTE
r-release-linux-x86_64 0.8.4 5.26 48.77 54.03 NOTE
r-release-macos-arm64 0.8.4 NOTE
r-release-macos-x86_64 0.8.4 NOTE
r-release-windows-ix86+x86_64 0.8.4 11.00 68.00 79.00 NOTE
r-oldrel-macos-x86_64 0.8.4 OK

Check Details

Version: 0.8.4
Check: LazyData
Result: NOTE
     'LazyData' is specified without a 'data' directory
Flavors: r-devel-linux-x86_64-debian-clang, r-devel-linux-x86_64-debian-gcc, r-devel-linux-x86_64-fedora-clang, r-devel-linux-x86_64-fedora-gcc, r-devel-windows-x86_64, r-devel-windows-x86_64-gcc10-UCRT, r-patched-linux-x86_64, r-patched-solaris-x86, r-release-linux-x86_64, r-release-macos-arm64, r-release-macos-x86_64, r-release-windows-ix86+x86_64