CRAN Package Check Results for Package flora

Last updated on 2021-12-03 19:50:11 CET.

Flavor Version Tinstall Tcheck Ttotal Status Flags
r-devel-linux-x86_64-debian-clang 0.3.4 38.92 66.34 105.26 OK
r-devel-linux-x86_64-debian-gcc 0.3.4 35.43 51.77 87.20 OK
r-devel-linux-x86_64-fedora-clang 0.3.4 149.97 NOTE
r-devel-linux-x86_64-fedora-gcc 0.3.4 135.84 OK
r-devel-windows-x86_64-new-UL 0.3.4 71.00 99.00 170.00 NOTE
r-devel-windows-x86_64-new-TK 0.3.4 OK
r-devel-windows-x86_64-old 0.3.4 59.00 65.00 124.00 NOTE
r-patched-linux-x86_64 0.3.4 40.19 61.55 101.74 OK
r-release-linux-x86_64 0.3.4 41.54 61.68 103.22 OK
r-release-macos-arm64 0.3.4 NOTE
r-release-macos-x86_64 0.3.4 NOTE
r-release-windows-ix86+x86_64 0.3.4 68.00 83.00 151.00 NOTE
r-oldrel-macos-x86_64 0.3.4 NOTE
r-oldrel-windows-ix86+x86_64 0.3.4 68.00 82.00 150.00 NOTE

Check Details

Version: 0.3.4
Check: installed package size
Result: NOTE
     installed size is 7.2Mb
     sub-directories of 1Mb or more:
     R 7.0Mb
Flavors: r-devel-linux-x86_64-fedora-clang, r-devel-windows-x86_64-new-UL, r-devel-windows-x86_64-old, r-release-macos-arm64, r-release-macos-x86_64, r-release-windows-ix86+x86_64, r-oldrel-macos-x86_64, r-oldrel-windows-ix86+x86_64