CRAN Package Check Results for Package fmerPack

Last updated on 2024-03-01 19:48:59 CET.

Flavor Version Tinstall Tcheck Ttotal Status Flags
r-devel-linux-x86_64-debian-clang 0.0-1 42.70 106.01 148.71 NOTE
r-devel-linux-x86_64-debian-gcc 0.0-1 35.22 78.40 113.62 NOTE
r-devel-linux-x86_64-fedora-clang 0.0-1 194.64 NOTE
r-devel-linux-x86_64-fedora-gcc 0.0-1 201.40 NOTE
r-devel-windows-x86_64 0.0-1 35.00 104.00 139.00 NOTE
r-patched-linux-x86_64 0.0-1 39.63 101.97 141.60 NOTE
r-release-linux-x86_64 0.0-1 43.24 102.98 146.22 NOTE
r-release-macos-arm64 0.0-1 54.00 NOTE
r-release-macos-x86_64 0.0-1 94.00 NOTE
r-release-windows-x86_64 0.0-1 45.00 132.00 177.00 NOTE
r-oldrel-macos-arm64 0.0-1 50.00 OK
r-oldrel-windows-x86_64 0.0-1 43.00 125.00 168.00 OK

Check Details

Version: 0.0-1
Check: C++ specification
Result: NOTE Specified C++11: please drop specification unless essential Flavors: r-devel-linux-x86_64-debian-clang, r-devel-linux-x86_64-debian-gcc, r-devel-linux-x86_64-fedora-clang, r-devel-linux-x86_64-fedora-gcc, r-devel-windows-x86_64, r-patched-linux-x86_64, r-release-linux-x86_64, r-release-macos-arm64, r-release-macos-x86_64, r-release-windows-x86_64

Version: 0.0-1
Check: dependencies in R code
Result: NOTE Namespace in Imports field not imported from: ‘MASS’ All declared Imports should be used. Flavors: r-devel-linux-x86_64-fedora-clang, r-devel-linux-x86_64-fedora-gcc