CRAN Package Check Results for Package fontBitstreamVera

Last updated on 2024-05-23 21:50:42 CEST.

Flavor Version Tinstall Tcheck Ttotal Status Flags
r-devel-linux-x86_64-debian-clang 0.1.1 1.61 9.65 11.26 NOTE
r-devel-linux-x86_64-debian-gcc 0.1.1 1.15 7.69 8.84 NOTE
r-devel-linux-x86_64-fedora-clang 0.1.1 15.03 NOTE
r-devel-linux-x86_64-fedora-gcc 0.1.1 14.32 NOTE
r-devel-windows-x86_64 0.1.1 2.00 18.00 20.00 NOTE
r-patched-linux-x86_64 0.1.1 1.69 9.35 11.04 NOTE
r-release-linux-x86_64 0.1.1 1.64 9.36 11.00 NOTE
r-release-macos-arm64 0.1.1 10.00 NOTE
r-release-windows-x86_64 0.1.1 3.00 18.00 21.00 NOTE
r-oldrel-macos-arm64 0.1.1 10.00 NOTE
r-oldrel-macos-x86_64 0.1.1 13.00 NOTE
r-oldrel-windows-x86_64 0.1.1 4.00 18.00 22.00 NOTE

Check Details

Version: 0.1.1
Check: LazyData
Result: NOTE 'LazyData' is specified without a 'data' directory Flavors: r-devel-linux-x86_64-debian-clang, r-devel-linux-x86_64-debian-gcc, r-devel-linux-x86_64-fedora-clang, r-devel-linux-x86_64-fedora-gcc, r-devel-windows-x86_64, r-patched-linux-x86_64, r-release-linux-x86_64, r-release-macos-arm64, r-release-windows-x86_64, r-oldrel-macos-arm64, r-oldrel-macos-x86_64, r-oldrel-windows-x86_64