CRAN Package Check Results for Package foolbox

Last updated on 2024-02-24 19:50:39 CET.

Flavor Version Tinstall Tcheck Ttotal Status Flags
r-devel-linux-x86_64-debian-clang 0.1.1 3.03 1975.00 1978.03 ERROR
r-devel-linux-x86_64-debian-gcc 0.1.1 2.57 119.98 122.55 NOTE
r-devel-linux-x86_64-fedora-clang 0.1.1 198.33 NOTE
r-devel-linux-x86_64-fedora-gcc 0.1.1 214.17 NOTE
r-devel-windows-x86_64 0.1.1 4.00 128.00 132.00 NOTE
r-patched-linux-x86_64 0.1.1 4.11 158.85 162.96 NOTE
r-release-linux-x86_64 0.1.1 2.24 158.64 160.88 NOTE
r-release-macos-arm64 0.1.1 66.00 NOTE
r-release-macos-x86_64 0.1.1 114.00 NOTE
r-release-windows-x86_64 0.1.1 5.00 160.00 165.00 NOTE
r-oldrel-macos-arm64 0.1.1 60.00 NOTE
r-oldrel-windows-x86_64 0.1.1 6.00 158.00 164.00 NOTE

Check Details

Version: 0.1.1
Check: LazyData
Result: NOTE 'LazyData' is specified without a 'data' directory Flavors: r-devel-linux-x86_64-debian-clang, r-devel-linux-x86_64-debian-gcc, r-devel-linux-x86_64-fedora-clang, r-devel-linux-x86_64-fedora-gcc, r-devel-windows-x86_64, r-patched-linux-x86_64, r-release-linux-x86_64, r-release-macos-arm64, r-release-macos-x86_64, r-release-windows-x86_64, r-oldrel-macos-arm64, r-oldrel-windows-x86_64

Version: 0.1.1
Check: re-building of vignette outputs
Result: ERROR Error(s) in re-building vignettes: ... --- re-building ‘partial-evaluation.Rmd’ using rmarkdown --- finished re-building ‘partial-evaluation.Rmd’ --- re-building ‘transforming-functions-with-foolbox.Rmd’ using rmarkdown --- finished re-building ‘transforming-functions-with-foolbox.Rmd’ +-+transforming-functions-with-foolbox.html Assertion failure at kmp_runtime.cpp(6891): temp_reg_status_file_name. OMP: Error #13: Assertion failure at kmp_runtime.cpp(6891). OMP: Hint Please submit a bug report with this message, compile and run commands used, and machine configuration info including native compiler and operating system versions. Faster response will be obtained by including all program sources. For information on submitting this issue, please see https://github.com/llvm/llvm-project/issues/. Assertion failure at kmp_runtime.cpp(6891): temp_reg_status_file_name. OMP: Error #13: Assertion failure at kmp_runtime.cpp(6891). OMP: Hint Please submit a bug report with this message, compile and run commands used, and machine configuration info including native compiler and operating system versions. Faster response will be obtained by including all program sources. For information on submitting this issue, please see https://github.com/llvm/llvm-project/issues/. Killed --- re-building ‘tutorial.Rmd’ using rmarkdown --- finished re-building ‘tutorial.Rmd’ SUMMARY: processing the following file failed: ‘transforming-functions-with-foolbox.Rmd’ Error: Vignette re-building failed. Execution halted Flavor: r-devel-linux-x86_64-debian-clang