CRAN Package Check Results for Package footballpenaltiesBL

Last updated on 2022-09-25 21:54:50 CEST.

Flavor Version Tinstall Tcheck Ttotal Status Flags
r-devel-linux-x86_64-debian-clang 1.0.0 1.86 22.97 24.83 OK
r-devel-linux-x86_64-debian-gcc 1.0.0 1.72 18.46 20.18 OK
r-devel-linux-x86_64-fedora-clang 1.0.0 41.68 NOTE
r-devel-linux-x86_64-fedora-gcc 1.0.0 44.34 NOTE
r-devel-windows-x86_64 1.0.0 24.00 52.00 76.00 OK
r-patched-linux-x86_64 1.0.0 1.80 22.79 24.59 OK
r-release-linux-x86_64 1.0.0 1.73 22.69 24.42 OK
r-release-macos-arm64 1.0.0 16.00 NOTE
r-release-macos-x86_64 1.0.0 22.00 NOTE
r-release-windows-x86_64 1.0.0 5.00 52.00 57.00 OK
r-oldrel-macos-arm64 1.0.0 18.00 NOTE
r-oldrel-macos-x86_64 1.0.0 24.00 NOTE
r-oldrel-windows-ix86+x86_64 1.0.0 5.00 27.00 32.00 OK

Check Details

Version: 1.0.0
Check: data for non-ASCII characters
Result: NOTE
     Note: found 234 marked UTF-8 strings
Flavors: r-devel-linux-x86_64-fedora-clang, r-devel-linux-x86_64-fedora-gcc, r-release-macos-arm64, r-release-macos-x86_64, r-oldrel-macos-arm64, r-oldrel-macos-x86_64