CRAN Package Check Results for Package footprint

Last updated on 2024-02-24 19:50:39 CET.

Flavor Version Tinstall Tcheck Ttotal Status Flags
r-devel-linux-x86_64-debian-clang 0.1 4.64 49.86 54.50 NOTE
r-devel-linux-x86_64-debian-gcc 0.1 3.00 37.27 40.27 NOTE
r-devel-linux-x86_64-fedora-clang 0.1 66.14 NOTE
r-devel-linux-x86_64-fedora-gcc 0.1 79.09 NOTE
r-devel-windows-x86_64 0.1 5.00 57.00 62.00 NOTE
r-patched-linux-x86_64 0.1 4.34 47.11 51.45 NOTE
r-release-linux-x86_64 0.1 2.95 47.08 50.03 NOTE
r-release-macos-arm64 0.1 30.00 NOTE
r-release-macos-x86_64 0.1 44.00 NOTE
r-release-windows-x86_64 0.1 7.00 62.00 69.00 NOTE
r-oldrel-macos-arm64 0.1 24.00 NOTE
r-oldrel-windows-x86_64 0.1 6.00 67.00 73.00 NOTE

Check Details

Version: 0.1
Check: LazyData
Result: NOTE 'LazyData' is specified without a 'data' directory Flavors: r-devel-linux-x86_64-debian-clang, r-devel-linux-x86_64-debian-gcc, r-devel-linux-x86_64-fedora-clang, r-devel-linux-x86_64-fedora-gcc, r-devel-windows-x86_64, r-patched-linux-x86_64, r-release-linux-x86_64, r-release-macos-arm64, r-release-macos-x86_64, r-release-windows-x86_64, r-oldrel-macos-arm64, r-oldrel-windows-x86_64