CRAN Package Check Results for Package forecast

Last updated on 2024-06-17 22:53:59 CEST.

Flavor Version Tinstall Tcheck Ttotal Status Flags
r-devel-linux-x86_64-debian-clang 8.22.0 140.77 425.67 566.44 OK
r-devel-linux-x86_64-debian-gcc 8.22.0 100.53 290.48 391.01 WARN
r-devel-linux-x86_64-fedora-clang 8.22.0 435.73 WARN
r-devel-linux-x86_64-fedora-gcc 8.22.0 710.80 WARN
r-devel-windows-x86_64 8.22.0 116.00 353.00 469.00 WARN
r-patched-linux-x86_64 8.22.0 131.69 388.84 520.53 OK
r-release-linux-x86_64 8.22.0 123.94 403.26 527.20 OK
r-release-macos-arm64 8.22.0 162.00 NOTE
r-release-macos-x86_64 8.22.0 254.00 NOTE
r-release-windows-x86_64 8.22.0 118.00 362.00 480.00 OK
r-oldrel-macos-arm64 8.22.0 160.00 OK
r-oldrel-macos-x86_64 8.22.0 351.00 NOTE
r-oldrel-windows-x86_64 8.22.0 143.00 431.00 574.00 OK

Check Details

Version: 8.22.0
Check: use of S3 registration
Result: WARN Registered S3 methods from standard package(s) overwritten by 'forecast': method from head.ts stats tail.ts stats Flavors: r-devel-linux-x86_64-debian-gcc, r-devel-linux-x86_64-fedora-clang, r-devel-linux-x86_64-fedora-gcc, r-devel-windows-x86_64

Version: 8.22.0
Check: R code for possible problems
Result: NOTE Registered S3 methods overwritten by 'forecast': method from head.ts stats tail.ts stats Flavors: r-devel-linux-x86_64-debian-gcc, r-devel-linux-x86_64-fedora-clang

Version: 8.22.0
Check: installed package size
Result: NOTE installed size is 5.0Mb sub-directories of 1Mb or more: libs 3.4Mb Flavors: r-release-macos-arm64, r-release-macos-x86_64, r-oldrel-macos-x86_64