CRAN Package Check Results for Package foreign

Last updated on 2021-02-28 19:47:59 CET.

Flavor Version Tinstall Tcheck Ttotal Status Flags
r-devel-linux-x86_64-debian-clang 0.8-81 OK
r-devel-linux-x86_64-debian-gcc 0.8-81 6.50 28.24 34.74 OK
r-devel-linux-x86_64-fedora-clang 0.8-81 66.27 OK
r-devel-linux-x86_64-fedora-gcc 0.8-81 55.95 OK
r-devel-windows-ix86+x86_64 0.8-81 30.00 49.00 79.00 OK
r-patched-linux-x86_64 0.8-81 8.63 34.91 43.54 OK
r-patched-solaris-x86 0.8-81 OK
r-release-linux-x86_64 0.8-81 10.77 35.47 46.24 OK
r-release-macos-x86_64 0.8-81 OK
r-release-windows-ix86+x86_64 0.8-81 23.00 51.00 74.00 OK
r-oldrel-macos-x86_64 0.8-81 ERROR
r-oldrel-windows-ix86+x86_64 0.8-76 44.00 87.00 131.00 OK

Check Details

Version: 0.8-81
Check: whether package can be installed
Result: ERROR
    Installation failed.
Flavor: r-oldrel-macos-x86_64