CRAN Package Check Results for Package forestmodel

Last updated on 2021-12-01 19:51:36 CET.

Flavor Version Tinstall Tcheck Ttotal Status Flags
r-devel-linux-x86_64-debian-clang 0.6.2 6.77 55.93 62.70 NOTE
r-devel-linux-x86_64-debian-gcc 0.6.2 4.91 41.12 46.03 NOTE
r-devel-linux-x86_64-fedora-clang 0.6.2 84.73 NOTE
r-devel-linux-x86_64-fedora-gcc 0.6.2 70.44 NOTE
r-devel-windows-x86_64-new-UL 0.6.2 13.00 93.00 106.00 NOTE
r-devel-windows-x86_64-new-TK 0.6.2 NOTE
r-devel-windows-x86_64-old 0.6.2 15.00 56.00 71.00 NOTE
r-patched-linux-x86_64 0.6.2 5.16 51.69 56.85 NOTE
r-patched-solaris-x86 0.6.2 101.50 NOTE
r-release-linux-x86_64 0.6.2 4.63 52.57 57.20 NOTE
r-release-macos-arm64 0.6.2 NOTE
r-release-macos-x86_64 0.6.2 NOTE
r-release-windows-ix86+x86_64 0.6.2 14.00 55.00 69.00 NOTE
r-oldrel-macos-x86_64 0.6.2 OK
r-oldrel-windows-ix86+x86_64 0.6.2 10.00 58.00 68.00 OK

Check Details

Version: 0.6.2
Check: LazyData
Result: NOTE
     'LazyData' is specified without a 'data' directory
Flavors: r-devel-linux-x86_64-debian-clang, r-devel-linux-x86_64-debian-gcc, r-devel-linux-x86_64-fedora-clang, r-devel-linux-x86_64-fedora-gcc, r-devel-windows-x86_64-new-UL, r-devel-windows-x86_64-new-TK, r-devel-windows-x86_64-old, r-patched-linux-x86_64, r-patched-solaris-x86, r-release-linux-x86_64, r-release-macos-arm64, r-release-macos-x86_64, r-release-windows-ix86+x86_64