CRAN Package Check Results for Package forestploter

Last updated on 2024-02-25 19:49:57 CET.

Flavor Version Tinstall Tcheck Ttotal Status Flags
r-devel-linux-x86_64-debian-clang 1.1.1 5.27 91.76 97.03 NOTE
r-devel-linux-x86_64-debian-gcc 1.1.1 4.65 71.30 75.95 NOTE
r-devel-linux-x86_64-fedora-clang 1.1.1 123.35 OK
r-devel-linux-x86_64-fedora-gcc 1.1.1 137.12 OK
r-devel-windows-x86_64 1.1.1 5.00 88.00 93.00 OK
r-patched-linux-x86_64 1.1.1 6.76 92.82 99.58 OK
r-release-linux-x86_64 1.1.1 6.31 91.11 97.42 OK
r-release-macos-arm64 1.1.1 42.00 OK
r-release-macos-x86_64 1.1.1 127.00 OK
r-release-windows-x86_64 1.1.1 8.00 102.00 110.00 OK
r-oldrel-macos-arm64 1.1.1 48.00 OK
r-oldrel-windows-x86_64 1.1.1 8.00 96.00 104.00 OK

Check Details

Version: 1.1.1
Check: Rd files
Result: NOTE checkRd: (-1) forest_theme.Rd:161: Lost braces in \itemize; meant \describe ? checkRd: (-1) forest_theme.Rd:162: Lost braces in \itemize; meant \describe ? checkRd: (-1) forest_theme.Rd:163: Lost braces in \itemize; meant \describe ? checkRd: (-1) forest_theme.Rd:164: Lost braces in \itemize; meant \describe ? checkRd: (-1) forest_theme.Rd:165: Lost braces in \itemize; meant \describe ? checkRd: (-1) forest_theme.Rd:166: Lost braces in \itemize; meant \describe ? checkRd: (-1) forest_theme.Rd:167: Lost braces in \itemize; meant \describe ? checkRd: (-1) forest_theme.Rd:168: Lost braces in \itemize; meant \describe ? checkRd: (-1) forest_theme.Rd:169: Lost braces in \itemize; meant \describe ? Flavors: r-devel-linux-x86_64-debian-clang, r-devel-linux-x86_64-debian-gcc