CRAN Package Check Results for Package forwards

Last updated on 2022-01-16 19:49:26 CET.

Flavor Version Tinstall Tcheck Ttotal Status Flags
r-devel-linux-x86_64-debian-clang 0.1.3 1.65 38.36 40.01 OK
r-devel-linux-x86_64-debian-gcc 0.1.3 1.28 29.63 30.91 OK
r-devel-linux-x86_64-fedora-clang 0.1.3 48.66 OK
r-devel-linux-x86_64-fedora-gcc 0.1.3 38.62 OK
r-devel-windows-x86_64-new-UL 0.1.3 15.00 60.00 75.00 OK
r-devel-windows-x86_64-new-TK 0.1.3 WARN
r-patched-linux-x86_64 0.1.3 1.61 35.83 37.44 OK
r-release-linux-x86_64 0.1.3 OK
r-release-macos-arm64 0.1.3 OK
r-release-macos-x86_64 0.1.3 OK
r-release-windows-ix86+x86_64 0.1.3 5.00 45.00 50.00 OK
r-oldrel-macos-x86_64 0.1.3 OK
r-oldrel-windows-ix86+x86_64 0.1.3 4.00 45.00 49.00 OK

Check Details

Version: 0.1.3
Check: package dependencies
Result: NOTE
    Package suggested but not available for checking: 'FactoMineR'
Flavor: r-devel-windows-x86_64-new-TK

Version: 0.1.3
Check: re-building of vignette outputs
Result: WARN
    Error(s) in re-building vignettes:
    --- re-building 'Overview.Rmd' using rmarkdown
    
    Attaching package: 'dplyr'
    
    The following objects are masked from 'package:stats':
    
     filter, lag
    
    The following objects are masked from 'package:base':
    
     intersect, setdiff, setequal, union
    
    Quitting from lines 25-33 (Overview.Rmd)
    Error: processing vignette 'Overview.Rmd' failed with diagnostics:
    there is no package called 'FactoMineR'
    --- failed re-building 'Overview.Rmd'
    
    SUMMARY: processing the following file failed:
     'Overview.Rmd'
    
    Error: Vignette re-building failed.
    Execution halted
Flavor: r-devel-windows-x86_64-new-TK