Last updated on 2023-01-29 19:54:04 CET.
Flavor | Version | Tinstall | Tcheck | Ttotal | Status | Flags |
---|---|---|---|---|---|---|
r-devel-linux-x86_64-debian-clang | 1.0.0 | 32.59 | 401.58 | 434.17 | NOTE | |
r-devel-linux-x86_64-debian-gcc | 1.0.0 | 22.45 | 295.18 | 317.63 | NOTE | |
r-devel-linux-x86_64-fedora-clang | 1.0.0 | 534.65 | NOTE | |||
r-devel-linux-x86_64-fedora-gcc | 1.0.0 | 541.48 | NOTE | |||
r-devel-windows-x86_64 | 1.0.0 | 30.00 | 412.00 | 442.00 | NOTE | |
r-patched-linux-x86_64 | 1.0.0 | 23.95 | 383.53 | 407.48 | NOTE | |
r-release-linux-x86_64 | 1.0.0 | 25.91 | 385.42 | 411.33 | NOTE | |
r-release-macos-arm64 | 1.0.0 | 108.00 | NOTE | |||
r-release-macos-x86_64 | 1.0.0 | 157.00 | NOTE | |||
r-release-windows-x86_64 | 1.0.0 | 28.00 | 400.00 | 428.00 | NOTE | |
r-oldrel-macos-arm64 | 1.0.0 | 66.00 | NOTE | |||
r-oldrel-macos-x86_64 | 1.0.0 | 139.00 | NOTE | |||
r-oldrel-windows-ix86+x86_64 | 1.0.0 | 63.00 | 408.00 | 471.00 | NOTE |
Version: 1.0.0
Check: LazyData
Result: NOTE
'LazyData' is specified without a 'data' directory
Flavors: r-devel-linux-x86_64-debian-clang, r-devel-linux-x86_64-debian-gcc, r-devel-linux-x86_64-fedora-clang, r-devel-linux-x86_64-fedora-gcc, r-devel-windows-x86_64, r-patched-linux-x86_64, r-release-linux-x86_64, r-release-macos-arm64, r-release-macos-x86_64, r-release-windows-x86_64, r-oldrel-macos-arm64, r-oldrel-macos-x86_64, r-oldrel-windows-ix86+x86_64